CRAN Package Check Results for Package MBNMAdose

Last updated on 2024-02-27 08:55:21 CET.

Flavor Version Tinstall Tcheck Ttotal Status Flags
r-devel-linux-x86_64-debian-clang 0.4.2 12.84 741.30 754.14 OK
r-devel-linux-x86_64-debian-gcc 0.4.2 10.39 515.21 525.60 OK
r-devel-linux-x86_64-fedora-clang 0.4.2 944.53 NOTE
r-devel-linux-x86_64-fedora-gcc 0.4.2 925.71 NOTE
r-devel-windows-x86_64 0.4.2 12.00 714.00 726.00 OK
r-patched-linux-x86_64 0.4.2 13.80 722.67 736.47 OK
r-release-linux-x86_64 0.4.2 9.71 711.73 721.44 OK
r-release-macos-arm64 0.4.2 242.00 OK
r-release-macos-x86_64 0.4.2 601.00 OK
r-release-windows-x86_64 0.4.2 15.00 844.00 859.00 OK
r-oldrel-macos-arm64 0.4.2 212.00 OK
r-oldrel-windows-x86_64 0.4.2 18.00 832.00 850.00 OK

Check Details

Version: 0.4.2
Check: data for non-ASCII characters
Result: NOTE Note: found 6 marked Latin-1 strings Flavors: r-devel-linux-x86_64-fedora-clang, r-devel-linux-x86_64-fedora-gcc