CRAN Package Check Results for Package MLDataR

Last updated on 2024-04-19 16:58:48 CEST.

Flavor Version Tinstall Tcheck Ttotal Status Flags
r-devel-linux-x86_64-debian-clang 1.0.1 1.93 49.59 51.52 OK
r-devel-linux-x86_64-debian-gcc 1.0.1 OK
r-devel-linux-x86_64-fedora-clang 1.0.1 68.17 NOTE
r-devel-linux-x86_64-fedora-gcc 1.0.1 74.46 NOTE
r-prerel-macos-arm64 1.0.1 29.00 OK
r-prerel-windows-x86_64 1.0.1 5.00 60.00 65.00 OK
r-patched-linux-x86_64 1.0.1 3.08 48.51 51.59 OK
r-release-linux-x86_64 1.0.1 2.77 45.83 48.60 OK
r-release-macos-arm64 1.0.1 32.00 OK
r-release-macos-x86_64 1.0.1 46.00 OK
r-release-windows-x86_64 1.0.1 5.00 64.00 69.00 OK
r-oldrel-macos-arm64 1.0.1 25.00 NOTE
r-oldrel-windows-x86_64 1.0.1 5.00 67.00 72.00 OK

Check Details

Version: 1.0.1
Check: dependencies in R code
Result: NOTE Namespaces in Imports field not imported from: ‘ConfusionTableR’ ‘OddsPlotty’ ‘caret’ ‘dplyr’ ‘ggplot2’ ‘parsnip’ ‘ranger’ ‘recipes’ ‘rsample’ ‘varhandle’ ‘workflows’ All declared Imports should be used. Flavors: r-devel-linux-x86_64-fedora-clang, r-devel-linux-x86_64-fedora-gcc, r-oldrel-macos-arm64