Last updated on 2024-05-21 16:53:22 CEST.
Flavor | Version | Tinstall | Tcheck | Ttotal | Status | Flags |
---|---|---|---|---|---|---|
r-devel-linux-x86_64-debian-clang | 0.1.4 | 168.37 | 148.39 | 316.76 | NOTE | |
r-devel-linux-x86_64-debian-gcc | 0.1.4 | 119.23 | 113.63 | 232.86 | NOTE | |
r-devel-linux-x86_64-fedora-clang | 0.1.4 | 370.86 | NOTE | |||
r-devel-linux-x86_64-fedora-gcc | 0.1.4 | 446.18 | NOTE | |||
r-devel-windows-x86_64 | 0.1.4 | 107.00 | 148.00 | 255.00 | NOTE | |
r-patched-linux-x86_64 | 0.1.4 | 153.73 | 147.71 | 301.44 | NOTE | |
r-release-linux-x86_64 | 0.1.4 | 162.05 | 148.01 | 310.06 | NOTE | |
r-release-macos-arm64 | 0.1.4 | 114.00 | NOTE | |||
r-release-windows-x86_64 | 0.1.4 | 105.00 | 145.00 | 250.00 | NOTE | |
r-oldrel-macos-arm64 | 0.1.4 | 141.00 | NOTE | |||
r-oldrel-macos-x86_64 | 0.1.4 | 168.00 | NOTE | |||
r-oldrel-windows-x86_64 | 0.1.4 | 132.00 | 184.00 | 316.00 | NOTE |
Version: 0.1.4
Check: package subdirectories
Result: NOTE
Problems with news in ‘NEWS.md’:
No news entries found.
Flavors: r-devel-linux-x86_64-debian-clang, r-devel-linux-x86_64-debian-gcc, r-devel-linux-x86_64-fedora-clang, r-devel-linux-x86_64-fedora-gcc, r-devel-windows-x86_64, r-patched-linux-x86_64, r-release-linux-x86_64, r-release-macos-arm64, r-release-windows-x86_64, r-oldrel-macos-arm64, r-oldrel-macos-x86_64, r-oldrel-windows-x86_64
Version: 0.1.4
Check: installed package size
Result: NOTE
installed size is 13.6Mb
sub-directories of 1Mb or more:
libs 13.1Mb
Flavors: r-devel-windows-x86_64, r-release-macos-arm64, r-release-windows-x86_64, r-oldrel-macos-arm64, r-oldrel-macos-x86_64, r-oldrel-windows-x86_64