CRAN Package Check Results for Package MOSS

Last updated on 2024-03-02 00:53:31 CET.

Flavor Version Tinstall Tcheck Ttotal Status Flags
r-devel-linux-x86_64-debian-clang 0.2.2 5.85 283.95 289.80 NOTE
r-devel-linux-x86_64-debian-gcc 0.2.2 5.00 240.12 245.12 NOTE
r-devel-linux-x86_64-fedora-clang 0.2.2 353.88 NOTE
r-devel-linux-x86_64-fedora-gcc 0.2.2 419.81 NOTE
r-devel-windows-x86_64 0.2.2 6.00 288.00 294.00 OK
r-patched-linux-x86_64 0.2.2 5.54 315.93 321.47 OK
r-release-linux-x86_64 0.2.2 4.89 319.51 324.40 OK
r-release-macos-arm64 0.2.2 170.00 OK
r-release-macos-x86_64 0.2.2 257.00 OK
r-release-windows-x86_64 0.2.2 7.00 343.00 350.00 OK
r-oldrel-macos-arm64 0.2.2 153.00 OK
r-oldrel-windows-x86_64 0.2.2 8.00 344.00 352.00 OK

Check Details

Version: 0.2.2
Check: Rd files
Result: NOTE checkRd: (-1) ssvdEN_sol_path.Rd:58: Lost braces; missing escapes or markup? 58 | \item{tol}{Convergence is determined when ||U_j - U_{j-1}||_F < tol, | ^ checkRd: (-1) ssvdEN_sol_path_par.Rd:59: Lost braces; missing escapes or markup? 59 | \item{tol}{Convergence is determined when ||U_j - U_{j-1}||_F < tol, | ^ Flavors: r-devel-linux-x86_64-debian-clang, r-devel-linux-x86_64-debian-gcc, r-devel-linux-x86_64-fedora-clang, r-devel-linux-x86_64-fedora-gcc