CRAN Package Check Results for Package MSGARCH

Last updated on 2024-02-29 00:55:46 CET.

Flavor Version Tinstall Tcheck Ttotal Status Flags
r-devel-linux-x86_64-debian-clang 2.51 413.84 435.56 849.40 OK
r-devel-linux-x86_64-debian-gcc 2.51 351.29 320.56 671.85 OK
r-devel-linux-x86_64-fedora-clang 2.51 1178.24 NOTE
r-devel-linux-x86_64-fedora-gcc 2.51 1270.18 OK
r-devel-windows-x86_64 2.51 316.00 344.00 660.00 NOTE
r-patched-linux-x86_64 2.51 412.82 422.58 835.40 OK
r-release-linux-x86_64 2.51 432.67 425.07 857.74 OK
r-release-macos-arm64 2.51 255.00 NOTE
r-release-macos-x86_64 2.51 473.00 NOTE
r-release-windows-x86_64 2.51 405.00 461.00 866.00 NOTE
r-oldrel-macos-arm64 2.51 261.00 NOTE
r-oldrel-windows-x86_64 2.51 380.00 404.00 784.00 NOTE

Check Details

Version: 2.51
Check: installed package size
Result: NOTE installed size is 6.7Mb sub-directories of 1Mb or more: libs 6.2Mb Flavors: r-devel-linux-x86_64-fedora-clang, r-devel-windows-x86_64, r-release-macos-arm64, r-release-macos-x86_64, r-release-windows-x86_64, r-oldrel-macos-arm64, r-oldrel-windows-x86_64