CRAN Package Check Results for Package MTest

Last updated on 2024-07-25 16:46:18 CEST.

Flavor Version Tinstall Tcheck Ttotal Status Flags
r-devel-linux-x86_64-debian-clang 1.0.2 7.33 54.65 61.98 OK
r-devel-linux-x86_64-debian-gcc 1.0.2 5.35 42.64 47.99 NOTE
r-devel-linux-x86_64-fedora-clang 1.0.2 79.83 OK
r-devel-linux-x86_64-fedora-gcc 1.0.2 79.97 OK
r-devel-windows-x86_64 1.0.2 8.00 60.00 68.00 NOTE
r-patched-linux-x86_64 1.0.2 OK
r-release-linux-x86_64 1.0.2 4.46 53.41 57.87 OK
r-release-macos-arm64 1.0.2 27.00 OK
r-release-macos-x86_64 1.0.2 37.00 OK
r-release-windows-x86_64 1.0.2 7.00 62.00 69.00 OK
r-oldrel-macos-arm64 1.0.2 28.00 OK
r-oldrel-macos-x86_64 1.0.2 43.00 OK
r-oldrel-windows-x86_64 1.0.2 10.00 68.00 78.00 OK

Check Details

Version: 1.0.2
Check: Rd cross-references
Result: NOTE Found the following Rd file(s) with Rd \link{} targets missing package anchors: plot.MTest.Rd: ggplot Please provide package anchors for all Rd \link{} targets not in the package itself and the base packages. Flavors: r-devel-linux-x86_64-debian-gcc, r-devel-windows-x86_64