Last updated on 2024-05-21 00:57:17 CEST.
Flavor | Version | Tinstall | Tcheck | Ttotal | Status | Flags |
---|---|---|---|---|---|---|
r-devel-linux-x86_64-debian-clang | 2.1.0 | 10.13 | 98.04 | 108.17 | NOTE | |
r-devel-linux-x86_64-debian-gcc | 2.1.0 | 9.11 | 72.18 | 81.29 | NOTE | |
r-devel-linux-x86_64-fedora-clang | 2.1.0 | 138.19 | NOTE | |||
r-devel-linux-x86_64-fedora-gcc | 2.1.0 | 125.25 | NOTE | |||
r-devel-windows-x86_64 | 2.1.0 | 10.00 | 80.00 | 90.00 | NOTE | |
r-patched-linux-x86_64 | 2.1.0 | 10.89 | 94.19 | 105.08 | NOTE | |
r-release-linux-x86_64 | 2.1.0 | 11.49 | 92.93 | 104.42 | NOTE | |
r-release-macos-arm64 | 2.1.0 | 38.00 | NOTE | |||
r-release-windows-x86_64 | 2.1.0 | 13.00 | 83.00 | 96.00 | NOTE | |
r-oldrel-macos-arm64 | 2.1.0 | 47.00 | NOTE | |||
r-oldrel-macos-x86_64 | 2.1.0 | 61.00 | NOTE | |||
r-oldrel-windows-x86_64 | 2.1.0 | 13.00 | 103.00 | 116.00 | NOTE |
Version: 2.1.0
Check: LazyData
Result: NOTE
'LazyData' is specified without a 'data' directory
Flavors: r-devel-linux-x86_64-debian-clang, r-devel-linux-x86_64-debian-gcc, r-devel-linux-x86_64-fedora-clang, r-devel-linux-x86_64-fedora-gcc, r-devel-windows-x86_64, r-patched-linux-x86_64, r-release-linux-x86_64, r-release-macos-arm64, r-release-windows-x86_64, r-oldrel-macos-arm64, r-oldrel-macos-x86_64, r-oldrel-windows-x86_64