CRAN Package Check Results for Package MXM

Last updated on 2024-02-21 00:54:34 CET.

Flavor Version Tinstall Tcheck Ttotal Status Flags
r-devel-linux-x86_64-debian-clang 1.5.5 NOTE
r-devel-linux-x86_64-debian-gcc 1.5.5 68.47 431.32 499.79 NOTE
r-devel-linux-x86_64-fedora-clang 1.5.5 846.46 NOTE
r-devel-linux-x86_64-fedora-gcc 1.5.5 865.18 NOTE
r-devel-windows-x86_64 1.5.5 74.00 474.00 548.00 OK
r-patched-linux-x86_64 1.5.5 105.80 578.09 683.89 OK
r-release-linux-x86_64 1.5.5 63.41 586.13 649.54 OK
r-release-macos-arm64 1.5.5 208.00 OK
r-release-macos-x86_64 1.5.5 363.00 OK
r-release-windows-x86_64 1.5.5 104.00 593.00 697.00 OK
r-oldrel-macos-arm64 1.5.5 137.00 NOTE
r-oldrel-windows-x86_64 1.5.5 100.00 594.00 694.00 OK

Check Details

Version: 1.5.5
Check: Rd files
Result: NOTE checkRd: (-1) bbc.Rd:39: Lost braces 39 | The "nbdev.mxm" (negative binomial deviance) is missing. For more information on these see \code{\link{cv.ses}}. bold{Note} that they come with "". | ^ checkRd: (-1) cv.fbed.lmm.reg.Rd:32: Lost braces; missing escapes or markup? 32 | The folds of the data to use (a list generated by the function generateCVRuns {TunePareto}). If NULL the folds are created internally with the same function. | ^ checkRd: (-1) cv.gomp.Rd:29: Lost braces; missing escapes or markup? 29 | The folds of the data to use (a list generated by the function generateCVRuns {TunePareto}). If NULL the folds are created internally with the same function. | ^ checkRd: (-1) cv.ses.Rd:94: Lost braces; missing escapes or markup? 94 | The folds of the data to use (a list generated by the function generateCVRuns {TunePareto}). If NULL the folds are created internally with the same function. | ^ Flavors: r-devel-linux-x86_64-debian-clang, r-devel-linux-x86_64-debian-gcc

Version: 1.5.5
Check: dependencies in R code
Result: NOTE Namespace in Imports field not imported from: ‘knitr’ All declared Imports should be used. Flavors: r-devel-linux-x86_64-fedora-clang, r-devel-linux-x86_64-fedora-gcc, r-oldrel-macos-arm64