CRAN Package Check Results for Package Mapinguari

Last updated on 2024-03-03 01:00:48 CET.

Flavor Version Tinstall Tcheck Ttotal Status Flags
r-devel-linux-x86_64-debian-clang 2.0.1 3.20 38.30 41.50 OK
r-devel-linux-x86_64-debian-gcc 2.0.1 2.86 29.85 32.71 OK
r-devel-linux-x86_64-fedora-clang 2.0.1 56.29 NOTE
r-devel-linux-x86_64-fedora-gcc 2.0.1 55.28 NOTE
r-devel-windows-x86_64 2.0.1 6.00 52.00 58.00 OK
r-patched-linux-x86_64 2.0.1 3.22 40.03 43.25 OK
r-release-linux-x86_64 2.0.1 3.25 39.13 42.38 OK
r-release-macos-arm64 2.0.1 21.00 OK
r-release-macos-x86_64 2.0.1 36.00 OK
r-release-windows-x86_64 2.0.1 8.00 57.00 65.00 OK
r-oldrel-macos-arm64 2.0.1 24.00 OK
r-oldrel-windows-x86_64 2.0.1 6.00 59.00 65.00 OK

Check Details

Version: 2.0.1
Check: dependencies in R code
Result: NOTE Namespaces in Imports field not imported from: ‘dplyr’ ‘rlang’ ‘testthat’ All declared Imports should be used. Flavors: r-devel-linux-x86_64-fedora-clang, r-devel-linux-x86_64-fedora-gcc