Last updated on 2023-12-03 00:56:48 CET.
Flavor | Version | Tinstall | Tcheck | Ttotal | Status | Flags |
---|---|---|---|---|---|---|
r-devel-linux-x86_64-debian-clang | 1.6-4 | 250.90 | 422.56 | 673.46 | OK | |
r-devel-linux-x86_64-debian-gcc | 1.6-4 | 201.54 | 306.43 | 507.97 | OK | |
r-devel-linux-x86_64-fedora-clang | 1.6-4 | 809.68 | OK | |||
r-devel-linux-x86_64-fedora-gcc | 1.6-4 | 890.15 | OK | |||
r-devel-windows-x86_64 | 1.6-3 | 216.00 | 432.00 | 648.00 | WARN | |
r-patched-linux-x86_64 | 1.6-3 | 243.65 | 389.59 | 633.24 | OK | |
r-release-linux-x86_64 | 1.6-3 | 221.20 | 395.76 | 616.96 | OK | |
r-release-macos-arm64 | 1.6-4 | 233.00 | NOTE | |||
r-release-macos-x86_64 | 1.6-3 | 278.00 | NOTE | |||
r-release-windows-x86_64 | 1.6-3 | 287.00 | 503.00 | 790.00 | OK | |
r-oldrel-macos-arm64 | 1.6-4 | 220.00 | NOTE | |||
r-oldrel-macos-x86_64 | 1.6-1.1 | 335.00 | ERROR | |||
r-oldrel-windows-x86_64 | 1.6-4 | 191.00 | 498.00 | 689.00 | NOTE |
Version: 1.6-3
Check: whether package can be installed
Result: WARN
Found the following significant warnings:
t_Csparse_subassign.c:270:92: warning: format '%d' expects argument of type 'int', but argument 4 has type 'int64_t' {aka 'long long int'} [-Wformat=]
t_Csparse_subassign.c:270:107: warning: format '%ld' expects argument of type 'long int', but argument 5 has type 'int' [-Wformat=]
utils-R.c:390:43: warning: format '%d' expects argument of type 'int', but argument 2 has type 'R_xlen_t' {aka 'long long int'} [-Wformat=]
utils-R.c:395:43: warning: format '%d' expects argument of type 'int', but argument 2 has type 'R_xlen_t' {aka 'long long int'} [-Wformat=]
See 'd:/Rcompile/CRANpkg/local/4.4/Matrix.Rcheck/00install.out' for details.
* used C compiler: 'gcc.exe (GCC) 12.3.0'
Flavor: r-devel-windows-x86_64
Version: 1.6-4
Check: R code for possible problems
Result: NOTE
qr.X: no visible binding for global variable ‘R’
Undefined global functions or variables:
R
Flavors: r-release-macos-arm64, r-oldrel-macos-arm64, r-oldrel-windows-x86_64
Version: 1.6-3
Check: R code for possible problems
Result: NOTE
qr.X: no visible binding for global variable ‘R’
Undefined global functions or variables:
R
Flavor: r-release-macos-x86_64
Version: 1.6-1.1
Check: R code for possible problems
Result: NOTE
qr.X: no visible binding for global variable ‘R’
Undefined global functions or variables:
R
Flavor: r-oldrel-macos-x86_64
Version: 1.6-1.1
Check: PDF version of manual
Result: WARN
LaTeX errors when creating PDF version.
This typically indicates Rd problems.
LaTeX errors found:
! Undefined control sequence.
<argument> P_1 A P_1' = L_1 D L_1' \overset
{D_{jj} \ge 0}{=} L L'
l.1407 ...D L_1' \overset{D_{jj} \ge 0}{=} L L'}{}
! Undefined control sequence.
<argument> A = P_1' L_1 D L_1' P_1 \overset
{D_{jj} \ge 0}{=} P_1' L L' P_1
l.1409 ...verset{D_{jj} \ge 0}{=} P_1' L L' P_1}{}
! Undefined control sequence.
<argument> P_1 A P_1' = L_1 D L_1' \overset
{D_{jj} \ge 0}{=} L L'
l.2269 ...D L_1' \overset{D_{jj} \ge 0}{=} L L'}{}
! Undefined control sequence.
<argument> A = P_1' L_1 D L_1' P_1 \overset
{D_{jj} \ge 0}{=} P_1' L L' P_1
l.2271 ...verset{D_{jj} \ge 0}{=} P_1' L L' P_1}{}
! Undefined control sequence.
<argument> \lVert
A - P' L L' P \rVert
l.2394 ...P' L L' P \rVert}{\lVert A \rVert}\,.}{}
! Undefined control sequence.
<argument> \lVert A - P' L L' P \rVert
l.2394 ...P' L L' P \rVert}{\lVert A \rVert}\,.}{}
! Undefined control sequence.
<argument> \lVert
A \rVert
l.2394 ...P' L L' P \rVert}{\lVert A \rVert}\,.}{}
! Undefined control sequence.
<argument> \lVert A \rVert
l.2394 ...P' L L' P \rVert}{\lVert A \rVert}\,.}{}
! Undefined control sequence.
<argument> m \times \text
{min}(m,n)
l.3421 ...} is an \eqn{m \times \text{min}(m,n)}{}
! Undefined control sequence.
<recently read> \text
l.3423 ...} is a \eqn{\text{min}(m,n) \times n}{}
! Undefined control sequence.
<argument> m \times \text
{min}(m,n)
l.8363 ...} is an \eqn{m \times \text{min}(m,n)}{}
! Undefined control sequence.
<recently read> \text
l.8365 ...} is a \eqn{\text{min}(m,n) \times n}{}
! LaTeX Error: Environment bmatrix undefined.
See the LaTeX manual or LaTeX Companion for explanation.
Type H <return> for immediate help.
...
! LaTeX Error: \begin{list} on input line 11058 ended by \end{bmatrix}.
See the LaTeX manual or LaTeX Companion for explanation.
Type H <return> for immediate help.
...
! LaTeX Error: Environment bmatrix undefined.
See the LaTeX manual or LaTeX Companion for explanation.
Type H <return> for immediate help.
...
! Misplaced alignment tab character &.
<argument> ...A P_2 = Q R = \begin {bmatrix} Q_1 &
Q_2 \end {bmatrix} \begin...
l.13074 ...ix} R_1 \\ 0 \end{bmatrix} = Q_1 R_1}{}
! LaTeX Error: \begin{list} on input line 13069 ended by \end{bmatrix}.
See the LaTeX manual or LaTeX Companion for explanation.
Type H <return> for immediate help.
...
! LaTeX Error: Environment bmatrix undefined.
See the LaTeX manual or LaTeX Companion for explanation.
Type H <return> for immediate help.
...
! LaTeX Error: \begin{list} on input line 13069 ended by \end{bmatrix}.
See the LaTeX manual or LaTeX Companion for explanation.
Type H <return> for immediate help.
...
! LaTeX Error: Environment bmatrix undefined.
See the LaTeX manual or LaTeX Companion for explanation.
Type H <return> for immediate help.
...
! Misplaced alignment tab character &.
<argument> ...R P_2' = P_1' \begin {bmatrix} Q_1 &
Q_2 \end {bmatrix} \begin...
l.13077 ...nd{bmatrix} P_2' = P_1' Q_1 R_1 P_2'}{}
! LaTeX Error: \begin{list} on input line 13069 ended by \end{bmatrix}.
See the LaTeX manual or LaTeX Companion for explanation.
Type H <return> for immediate help.
...
! LaTeX Error: Environment bmatrix undefined.
See the LaTeX manual or LaTeX Companion for explanation.
Type H <return> for immediate help.
...
! LaTeX Error: \begin{list} on input line 13069 ended by \end{bmatrix}.
See the LaTeX manual or LaTeX Companion for explanation.
Type H <return> for immediate help.
...
Flavor: r-oldrel-macos-x86_64
Version: 1.6-1.1
Check: PDF version of manual without index
Result: ERROR
Flavor: r-oldrel-macos-x86_64