CRAN Package Check Results for Package MatrixCorrelation

Last updated on 2024-02-21 00:54:33 CET.

Flavor Version Tinstall Tcheck Ttotal Status Flags
r-devel-linux-x86_64-debian-clang 0.10.0 NOTE
r-devel-linux-x86_64-debian-gcc 0.10.0 50.65 65.47 116.12 NOTE
r-devel-linux-x86_64-fedora-clang 0.10.0 214.97 OK
r-devel-linux-x86_64-fedora-gcc 0.10.0 220.63 OK
r-devel-windows-x86_64 0.10.0 54.00 98.00 152.00 OK
r-patched-linux-x86_64 0.10.0 72.27 84.60 156.87 OK
r-release-linux-x86_64 0.10.0 71.28 84.79 156.07 OK
r-release-macos-arm64 0.10.0 57.00 OK
r-release-macos-x86_64 0.10.0 95.00 OK
r-release-windows-x86_64 0.10.0 69.00 117.00 186.00 OK
r-oldrel-macos-arm64 0.10.0 56.00 OK
r-oldrel-windows-x86_64 0.10.0 68.00 125.00 193.00 OK

Check Details

Version: 0.10.0
Check: Rd files
Result: NOTE checkRd: (-1) MatrixCorrelation.Rd:17: Lost braces in \itemize; meant \describe ? checkRd: (-1) MatrixCorrelation.Rd:18-19: Lost braces in \itemize; meant \describe ? checkRd: (-1) MatrixCorrelation.Rd:20-21: Lost braces in \itemize; meant \describe ? checkRd: (-1) MatrixCorrelation.Rd:22-23: Lost braces in \itemize; meant \describe ? checkRd: (-1) MatrixCorrelation.Rd:24-25: Lost braces in \itemize; meant \describe ? checkRd: (-1) MatrixCorrelation.Rd:26-27: Lost braces in \itemize; meant \describe ? checkRd: (-1) MatrixCorrelation.Rd:28-29: Lost braces in \itemize; meant \describe ? checkRd: (-1) RV.Rd:61-62: Lost braces in \itemize; meant \describe ? checkRd: (-1) RV.Rd:63-64: Lost braces in \itemize; meant \describe ? checkRd: (-1) RV.Rd:65-66: Lost braces in \itemize; meant \describe ? checkRd: (-1) RV.Rd:67-68: Lost braces in \itemize; meant \describe ? checkRd: (-1) allCorrelations.Rd:63: Lost braces in \itemize; meant \describe ? checkRd: (-1) allCorrelations.Rd:64-65: Lost braces in \itemize; meant \describe ? checkRd: (-1) allCorrelations.Rd:66-67: Lost braces in \itemize; meant \describe ? checkRd: (-1) allCorrelations.Rd:68-69: Lost braces in \itemize; meant \describe ? checkRd: (-1) allCorrelations.Rd:70-71: Lost braces in \itemize; meant \describe ? checkRd: (-1) allCorrelations.Rd:72-73: Lost braces in \itemize; meant \describe ? checkRd: (-1) allCorrelations.Rd:74-75: Lost braces in \itemize; meant \describe ? checkRd: (-1) r1.Rd:71: Lost braces in \itemize; meant \describe ? checkRd: (-1) r1.Rd:72: Lost braces in \itemize; meant \describe ? checkRd: (-1) r1.Rd:73: Lost braces in \itemize; meant \describe ? checkRd: (-1) r1.Rd:74: Lost braces in \itemize; meant \describe ? checkRd: (-1) r1.Rd:75: Lost braces in \itemize; meant \describe ? Flavors: r-devel-linux-x86_64-debian-clang, r-devel-linux-x86_64-debian-gcc