CRAN Package Check Results for Package MetChem

Last updated on 2024-02-23 16:53:23 CET.

Flavor Version Tinstall Tcheck Ttotal Status Flags
r-devel-linux-x86_64-debian-clang 0.4 OK
r-devel-linux-x86_64-debian-gcc 0.4 11.38 135.39 146.77 OK
r-devel-linux-x86_64-fedora-clang 0.4 238.56 NOTE
r-devel-linux-x86_64-fedora-gcc 0.4 252.97 NOTE
r-devel-windows-x86_64 0.4 12.00 150.00 162.00 OK
r-patched-linux-x86_64 0.4 17.00 180.63 197.63 OK
r-release-linux-x86_64 0.4 14.60 180.84 195.44 OK
r-release-macos-arm64 0.4 73.00 OK
r-release-macos-x86_64 0.4 173.00 OK
r-release-windows-x86_64 0.4 16.00 180.00 196.00 OK
r-oldrel-macos-arm64 0.4 69.00 OK
r-oldrel-windows-x86_64 0.4 17.00 182.00 199.00 OK

Check Details

Version: 0.4
Check: data for non-ASCII characters
Result: NOTE Note: found 1496 marked UTF-8 strings Flavors: r-devel-linux-x86_64-fedora-clang, r-devel-linux-x86_64-fedora-gcc