CRAN Package Check Results for Package MetaUtility

Last updated on 2024-02-28 00:56:25 CET.

Flavor Version Tinstall Tcheck Ttotal Status Flags
r-devel-linux-x86_64-debian-clang 2.1.2 14.59 116.10 130.69 OK
r-devel-linux-x86_64-debian-gcc 2.1.2 10.97 85.52 96.49 OK
r-devel-linux-x86_64-fedora-clang 2.1.2 164.05 NOTE
r-devel-linux-x86_64-fedora-gcc 2.1.2 153.17 NOTE
r-devel-windows-x86_64 2.1.2 13.00 102.00 115.00 OK
r-patched-linux-x86_64 2.1.2 12.99 111.18 124.17 OK
r-release-linux-x86_64 2.1.2 12.10 110.55 122.65 OK
r-release-macos-arm64 2.1.2 47.00 OK
r-release-macos-x86_64 2.1.2 76.00 OK
r-release-windows-x86_64 2.1.2 17.00 113.00 130.00 OK
r-oldrel-macos-arm64 2.1.2 40.00 NOTE
r-oldrel-windows-x86_64 2.1.2 18.00 119.00 137.00 OK

Check Details

Version: 2.1.2
Check: dependencies in R code
Result: NOTE Namespace in Imports field not imported from: ‘metadat’ All declared Imports should be used. Flavors: r-devel-linux-x86_64-fedora-clang, r-devel-linux-x86_64-fedora-gcc, r-oldrel-macos-arm64