CRAN Package Check Results for Package MexBrewer

Last updated on 2024-02-28 16:50:39 CET.

Flavor Version Tinstall Tcheck Ttotal Status Flags
r-devel-linux-x86_64-debian-clang 0.0.2 6.74 46.22 52.96 OK
r-devel-linux-x86_64-debian-gcc 0.0.2 4.83 36.04 40.87 OK
r-devel-linux-x86_64-fedora-clang 0.0.2 65.08 NOTE
r-devel-linux-x86_64-fedora-gcc 0.0.2 61.12 NOTE
r-devel-windows-x86_64 0.0.2 6.00 56.00 62.00 OK
r-patched-linux-x86_64 0.0.2 5.85 45.27 51.12 OK
r-release-linux-x86_64 0.0.2 3.70 45.19 48.89 OK
r-release-macos-arm64 0.0.2 24.00 OK
r-release-macos-x86_64 0.0.2 33.00 OK
r-release-windows-x86_64 0.0.2 8.00 60.00 68.00 OK
r-oldrel-macos-arm64 0.0.2 24.00 OK
r-oldrel-windows-x86_64 0.0.2 8.00 64.00 72.00 OK

Check Details

Version: 0.0.2
Check: data for non-ASCII characters
Result: NOTE Note: found 7 marked Latin-1 strings Note: found 14 marked UTF-8 strings Flavors: r-devel-linux-x86_64-fedora-clang, r-devel-linux-x86_64-fedora-gcc