Last updated on 2023-09-28 01:18:58 CEST.
Flavor | Version | Tinstall | Tcheck | Ttotal | Status | Flags |
---|---|---|---|---|---|---|
r-devel-linux-x86_64-debian-clang | 2.0.0 | 3.32 | 63.57 | 66.89 | NOTE | |
r-devel-linux-x86_64-debian-gcc | 2.0.0 | 3.43 | 50.05 | 53.48 | NOTE | |
r-devel-linux-x86_64-fedora-clang | 2.0.0 | 79.68 | NOTE | |||
r-devel-linux-x86_64-fedora-gcc | 2.0.0 | 95.52 | NOTE | |||
r-devel-windows-x86_64 | 2.0.0 | 5.00 | 315.00 | 320.00 | NOTE | |
r-patched-linux-x86_64 | 2.0.0 | 4.68 | 61.54 | 66.22 | OK | |
r-release-linux-x86_64 | 2.0.0 | 4.58 | 61.72 | 66.30 | OK | |
r-release-macos-arm64 | 2.0.0 | 126.00 | OK | |||
r-release-macos-x86_64 | 2.0.0 | 237.00 | OK | |||
r-release-windows-x86_64 | 2.0.0 | 4.00 | 347.00 | 351.00 | OK | |
r-oldrel-macos-arm64 | 2.0.0 | 101.00 | OK | |||
r-oldrel-macos-x86_64 | 2.0.0 | 150.00 | OK | |||
r-oldrel-windows-x86_64 | 2.0.0 | 6.00 | 343.00 | 349.00 | OK |
Version: 2.0.0
Check: Rd contents
Result: NOTE
Argument items with no description in Rd object 'micSimParallel':
‘transitionMatrix’ ‘absStates’ ‘varInitStates’ ‘initStatesProb’
‘fixInitStates’ ‘maxAge’ ‘simHorizon’ ‘fertTr’
Flavors: r-devel-linux-x86_64-debian-clang, r-devel-linux-x86_64-debian-gcc, r-devel-linux-x86_64-fedora-clang, r-devel-linux-x86_64-fedora-gcc, r-devel-windows-x86_64