CRAN Package Check Results for Package MixOptim

Last updated on 2024-02-22 08:54:13 CET.

Flavor Version Tinstall Tcheck Ttotal Status Flags
r-devel-linux-x86_64-debian-clang 0.1.2 NOTE
r-devel-linux-x86_64-debian-gcc 0.1.2 4.77 167.89 172.66 NOTE
r-devel-linux-x86_64-fedora-clang 0.1.2 269.88 NOTE
r-devel-linux-x86_64-fedora-gcc 0.1.2 284.55 NOTE
r-devel-windows-x86_64 0.1.2 6.00 176.00 182.00 NOTE
r-patched-linux-x86_64 0.1.2 3.63 206.34 209.97 NOTE
r-release-linux-x86_64 0.1.2 3.59 216.39 219.98 NOTE
r-release-macos-arm64 0.1.2 79.00 NOTE
r-release-macos-x86_64 0.1.2 126.00 NOTE
r-release-windows-x86_64 0.1.2 8.00 235.00 243.00 NOTE
r-oldrel-macos-arm64 0.1.2 75.00 NOTE
r-oldrel-windows-x86_64 0.1.2 8.00 226.00 234.00 NOTE

Check Details

Version: 0.1.2
Check: LazyData
Result: NOTE 'LazyData' is specified without a 'data' directory Flavors: r-devel-linux-x86_64-debian-clang, r-devel-linux-x86_64-debian-gcc, r-devel-linux-x86_64-fedora-clang, r-devel-linux-x86_64-fedora-gcc, r-devel-windows-x86_64, r-patched-linux-x86_64, r-release-linux-x86_64, r-release-macos-arm64, r-release-macos-x86_64, r-release-windows-x86_64, r-oldrel-macos-arm64, r-oldrel-windows-x86_64

Version: 0.1.2
Check: dependencies in R code
Result: NOTE Namespace in Imports field not imported from: ‘rlang’ All declared Imports should be used. Flavors: r-devel-linux-x86_64-fedora-clang, r-devel-linux-x86_64-fedora-gcc, r-oldrel-macos-arm64