CRAN Package Check Results for Package MoBPS

Last updated on 2024-02-23 08:53:37 CET.

Flavor Version Tinstall Tcheck Ttotal Status Flags
r-devel-linux-x86_64-debian-clang 1.6.64 NOTE
r-devel-linux-x86_64-debian-gcc 1.6.64 52.60 121.96 174.56 NOTE
r-devel-linux-x86_64-fedora-clang 1.6.64 313.26 NOTE
r-devel-linux-x86_64-fedora-gcc 1.6.64 302.56 NOTE
r-devel-windows-x86_64 1.6.64 46.00 145.00 191.00 NOTE
r-patched-linux-x86_64 1.6.64 58.22 160.18 218.40 NOTE
r-release-linux-x86_64 1.6.64 55.29 170.15 225.44 NOTE
r-release-macos-arm64 1.6.64 71.00 NOTE
r-release-macos-x86_64 1.6.64 135.00 NOTE
r-release-windows-x86_64 1.6.64 44.00 164.00 208.00 NOTE
r-oldrel-macos-arm64 1.6.64 66.00 NOTE
r-oldrel-windows-x86_64 1.6.64 63.00 153.00 216.00 NOTE

Check Details

Version: 1.6.64
Check: package dependencies
Result: NOTE Packages suggested but not available for checking: 'optiSel', 'alstructure' Packages which this enhances but not available for checking: 'miraculix', 'RandomFieldsUtils', 'MoBPSmaps' Flavors: r-devel-linux-x86_64-debian-clang, r-devel-linux-x86_64-debian-gcc, r-devel-linux-x86_64-fedora-clang, r-devel-linux-x86_64-fedora-gcc, r-patched-linux-x86_64, r-release-linux-x86_64

Version: 1.6.64
Check: Rd files
Result: NOTE checkRd: (-1) creating.phenotypic.transform.Rd:20: Lost braces 20 | trafo <- function(x){ return(x^2)} | ^ Flavors: r-devel-linux-x86_64-debian-clang, r-devel-linux-x86_64-debian-gcc, r-devel-linux-x86_64-fedora-clang, r-devel-linux-x86_64-fedora-gcc

Version: 1.6.64
Check: package dependencies
Result: NOTE Package suggested but not available for checking: 'alstructure' Packages which this enhances but not available for checking: 'miraculix', 'RandomFieldsUtils', 'MoBPSmaps' Flavors: r-devel-windows-x86_64, r-release-windows-x86_64, r-oldrel-windows-x86_64

Version: 1.6.64
Check: package dependencies
Result: NOTE Packages suggested but not available for checking: 'doMPI', 'alstructure' Packages which this enhances but not available for checking: 'miraculix', 'RandomFieldsUtils', 'MoBPSmaps' Flavors: r-release-macos-arm64, r-release-macos-x86_64

Version: 1.6.64
Check: package dependencies
Result: NOTE Packages suggested but not available for checking: 'doMPI', 'alstructure' Package which this enhances but not available for checking: ‘MoBPSmaps’ Flavor: r-oldrel-macos-arm64