CRAN Package Check Results for Package MobileTrigger

Last updated on 2024-02-25 16:51:47 CET.

Flavor Version Tinstall Tcheck Ttotal Status Flags
r-devel-linux-x86_64-debian-clang 0.0.31 15.65 130.40 146.05 NOTE
r-devel-linux-x86_64-debian-gcc 0.0.31 13.14 94.96 108.10 NOTE
r-devel-linux-x86_64-fedora-clang 0.0.31 173.03 NOTE
r-devel-linux-x86_64-fedora-gcc 0.0.31 165.39 NOTE
r-devel-windows-x86_64 0.0.31 14.00 114.00 128.00 NOTE
r-patched-linux-x86_64 0.0.31 11.40 120.61 132.01 NOTE
r-release-linux-x86_64 0.0.31 10.28 121.43 131.71 NOTE
r-release-macos-arm64 0.0.31 53.00 NOTE
r-release-macos-x86_64 0.0.31 92.00 NOTE
r-release-windows-x86_64 0.0.31 18.00 139.00 157.00 NOTE
r-oldrel-macos-arm64 0.0.31 51.00 NOTE
r-oldrel-windows-x86_64 0.0.31 20.00 142.00 162.00 NOTE

Additional issues

donttest

Check Details

Version: 0.0.31
Check: LazyData
Result: NOTE 'LazyData' is specified without a 'data' directory Flavors: r-devel-linux-x86_64-debian-clang, r-devel-linux-x86_64-debian-gcc, r-devel-linux-x86_64-fedora-clang, r-devel-linux-x86_64-fedora-gcc, r-devel-windows-x86_64, r-patched-linux-x86_64, r-release-linux-x86_64, r-release-macos-arm64, r-release-macos-x86_64, r-release-windows-x86_64, r-oldrel-macos-arm64, r-oldrel-windows-x86_64

Version: 0.0.31
Check: dependencies in R code
Result: NOTE Namespace in Imports field not imported from: ‘ggplot2’ All declared Imports should be used. Flavors: r-devel-linux-x86_64-fedora-clang, r-devel-linux-x86_64-fedora-gcc, r-oldrel-macos-arm64