CRAN Package Check Results for Package ModTools

Last updated on 2024-02-29 08:49:00 CET.

Flavor Version Tinstall Tcheck Ttotal Status Flags
r-devel-linux-x86_64-debian-clang 0.9.6 19.16 149.57 168.73 OK
r-devel-linux-x86_64-debian-gcc 0.9.6 14.51 111.29 125.80 OK
r-devel-linux-x86_64-fedora-clang 0.9.6 217.71 NOTE
r-devel-linux-x86_64-fedora-gcc 0.9.6 215.29 OK
r-devel-windows-x86_64 0.9.6 17.00 126.00 143.00 OK
r-patched-linux-x86_64 0.9.6 20.17 144.58 164.75 OK
r-release-linux-x86_64 0.9.6 18.22 146.99 165.21 OK
r-release-macos-arm64 0.9.6 60.00 OK
r-release-macos-x86_64 0.9.6 114.00 OK
r-release-windows-x86_64 0.9.6 23.00 156.00 179.00 OK
r-oldrel-macos-arm64 0.9.6 65.00 OK
r-oldrel-windows-x86_64 0.9.6 24.00 186.00 210.00 OK

Check Details

Version: 0.9.6
Check: Rd cross-references
Result: NOTE Undeclared package ‘pscl’ in Rd xrefs Flavor: r-devel-linux-x86_64-fedora-clang