CRAN Package Check Results for Package MullerPlot

Last updated on 2024-02-22 08:54:14 CET.

Flavor Version Tinstall Tcheck Ttotal Status Flags
r-devel-linux-x86_64-debian-clang 0.1.3 NOTE
r-devel-linux-x86_64-debian-gcc 0.1.3 2.16 23.83 25.99 NOTE
r-devel-linux-x86_64-fedora-clang 0.1.3 42.46 NOTE
r-devel-linux-x86_64-fedora-gcc 0.1.3 51.74 NOTE
r-devel-windows-x86_64 0.1.3 4.00 45.00 49.00 NOTE
r-patched-linux-x86_64 0.1.3 2.79 30.24 33.03 NOTE
r-release-linux-x86_64 0.1.3 2.60 30.49 33.09 NOTE
r-release-macos-arm64 0.1.3 24.00 NOTE
r-release-macos-x86_64 0.1.3 34.00 NOTE
r-release-windows-x86_64 0.1.3 4.00 50.00 54.00 NOTE
r-oldrel-macos-arm64 0.1.3 21.00 OK
r-oldrel-windows-x86_64 0.1.3 5.00 56.00 61.00 OK

Check Details

Version: 0.1.3
Check: package subdirectories
Result: NOTE Problems with news in ‘NEWS.md’: No news entries found. Flavors: r-devel-linux-x86_64-debian-clang, r-devel-linux-x86_64-debian-gcc, r-devel-linux-x86_64-fedora-clang, r-devel-linux-x86_64-fedora-gcc, r-devel-windows-x86_64, r-patched-linux-x86_64, r-release-linux-x86_64, r-release-macos-arm64, r-release-macos-x86_64, r-release-windows-x86_64