Last updated on 2024-05-21 16:53:23 CEST.
Flavor | Version | Tinstall | Tcheck | Ttotal | Status | Flags |
---|---|---|---|---|---|---|
r-devel-linux-x86_64-debian-clang | 0.1.3 | 2.52 | 33.85 | 36.37 | NOTE | |
r-devel-linux-x86_64-debian-gcc | 0.1.3 | 2.21 | 26.27 | 28.48 | NOTE | |
r-devel-linux-x86_64-fedora-clang | 0.1.3 | 48.02 | NOTE | |||
r-devel-linux-x86_64-fedora-gcc | 0.1.3 | 57.65 | NOTE | |||
r-devel-windows-x86_64 | 0.1.3 | 3.00 | 46.00 | 49.00 | NOTE | |
r-patched-linux-x86_64 | 0.1.3 | 2.85 | 32.26 | 35.11 | NOTE | |
r-release-linux-x86_64 | 0.1.3 | 2.58 | 32.14 | 34.72 | NOTE | |
r-release-macos-arm64 | 0.1.3 | 22.00 | NOTE | |||
r-release-windows-x86_64 | 0.1.3 | 3.00 | 48.00 | 51.00 | NOTE | |
r-oldrel-macos-arm64 | 0.1.3 | 24.00 | NOTE | |||
r-oldrel-macos-x86_64 | 0.1.3 | 34.00 | NOTE | |||
r-oldrel-windows-x86_64 | 0.1.3 | 4.00 | 55.00 | 59.00 | NOTE |
Version: 0.1.3
Check: package subdirectories
Result: NOTE
Problems with news in ‘NEWS.md’:
No news entries found.
Flavors: r-devel-linux-x86_64-debian-clang, r-devel-linux-x86_64-debian-gcc, r-devel-linux-x86_64-fedora-clang, r-devel-linux-x86_64-fedora-gcc, r-devel-windows-x86_64, r-patched-linux-x86_64, r-release-linux-x86_64, r-release-macos-arm64, r-release-windows-x86_64, r-oldrel-macos-arm64, r-oldrel-macos-x86_64, r-oldrel-windows-x86_64