CRAN Package Check Results for Package N2H4

Last updated on 2024-02-26 08:48:51 CET.

Flavor Version Tinstall Tcheck Ttotal Status Flags
r-devel-linux-x86_64-debian-clang 0.8.3 4.27 49.55 53.82 ERROR
r-devel-linux-x86_64-debian-gcc 0.8.3 3.72 37.85 41.57 ERROR
r-devel-linux-x86_64-fedora-clang 0.8.3 72.91 OK
r-devel-linux-x86_64-fedora-gcc 0.8.4 37.93 OK
r-devel-windows-x86_64 0.8.3 10.00 81.00 91.00 OK
r-patched-linux-x86_64 0.8.3 5.43 48.54 53.97 OK
r-release-linux-x86_64 0.8.3 4.67 48.11 52.78 ERROR
r-release-macos-arm64 0.8.4 33.00 OK
r-release-macos-x86_64 0.8.4 58.00 OK
r-release-windows-x86_64 0.8.3 8.00 66.00 74.00 ERROR
r-oldrel-macos-arm64 0.8.4 35.00 OK
r-oldrel-windows-x86_64 0.8.4 9.00 94.00 103.00 OK

Check Details

Version: 0.8.3
Check: tests
Result: ERROR Running ‘testthat.R’ [3s/5s] Running the tests in ‘tests/testthat.R’ failed. Complete output: > library(testthat) > library(N2H4) > > test_check("N2H4") [ FAIL 2 | WARN 0 | SKIP 8 | PASS 3 ] ══ Skipped tests (8) ═══════════════════════════════════════════════════════════ • On CRAN (8): 'test-func.R:15:3', 'test-func.R:29:3', 'test-func.R:38:3', 'test-func.R:47:3', 'test-func.R:57:3', 'test-func.R:65:3', 'test-func.R:88:3', 'test-func.R:94:3' ══ Failed tests ════════════════════════════════════════════════════════════════ ── Failure ('test-func.R:83:3'): getCategoryFresh ────────────────────────────── names(test) not equal to c("cate_name", "sid1", "sub_cate_name", "sid2"). Lengths differ: 0 is not 4 ── Failure ('test-func.R:84:3'): getCategoryFresh ────────────────────────────── nrow(test) not equal to 48. 1/1 mismatches [1] 0 - 48 == -48 [ FAIL 2 | WARN 0 | SKIP 8 | PASS 3 ] Error: Test failures Execution halted Flavors: r-devel-linux-x86_64-debian-clang, r-release-linux-x86_64

Version: 0.8.3
Check: tests
Result: ERROR Running ‘testthat.R’ [2s/6s] Running the tests in ‘tests/testthat.R’ failed. Complete output: > library(testthat) > library(N2H4) > > test_check("N2H4") [ FAIL 2 | WARN 0 | SKIP 8 | PASS 3 ] ══ Skipped tests (8) ═══════════════════════════════════════════════════════════ • On CRAN (8): 'test-func.R:15:3', 'test-func.R:29:3', 'test-func.R:38:3', 'test-func.R:47:3', 'test-func.R:57:3', 'test-func.R:65:3', 'test-func.R:88:3', 'test-func.R:94:3' ══ Failed tests ════════════════════════════════════════════════════════════════ ── Failure ('test-func.R:83:3'): getCategoryFresh ────────────────────────────── names(test) not equal to c("cate_name", "sid1", "sub_cate_name", "sid2"). Lengths differ: 0 is not 4 ── Failure ('test-func.R:84:3'): getCategoryFresh ────────────────────────────── nrow(test) not equal to 48. 1/1 mismatches [1] 0 - 48 == -48 [ FAIL 2 | WARN 0 | SKIP 8 | PASS 3 ] Error: Test failures Execution halted Flavor: r-devel-linux-x86_64-debian-gcc

Version: 0.8.3
Check: tests
Result: ERROR Running 'testthat.R' [4s] Running the tests in 'tests/testthat.R' failed. Complete output: > library(testthat) > library(N2H4) > > test_check("N2H4") [ FAIL 2 | WARN 0 | SKIP 8 | PASS 3 ] ══ Skipped tests (8) ═══════════════════════════════════════════════════════════ • On CRAN (8): 'test-func.R:15:3', 'test-func.R:29:3', 'test-func.R:38:3', 'test-func.R:47:3', 'test-func.R:57:3', 'test-func.R:65:3', 'test-func.R:88:3', 'test-func.R:94:3' ══ Failed tests ════════════════════════════════════════════════════════════════ ── Failure ('test-func.R:83:3'): getCategoryFresh ────────────────────────────── names(test) not equal to c("cate_name", "sid1", "sub_cate_name", "sid2"). Lengths differ: 0 is not 4 ── Failure ('test-func.R:84:3'): getCategoryFresh ────────────────────────────── nrow(test) not equal to 48. 1/1 mismatches [1] 0 - 48 == -48 [ FAIL 2 | WARN 0 | SKIP 8 | PASS 3 ] Error: Test failures Execution halted Flavor: r-release-windows-x86_64