Last updated on 2024-05-08 00:49:52 CEST.
Flavor | Version | Tinstall | Tcheck | Ttotal | Status | Flags |
---|---|---|---|---|---|---|
r-devel-linux-x86_64-debian-clang | 0.1.3.3 | 2.98 | 29.56 | 32.54 | OK | |
r-devel-linux-x86_64-debian-gcc | 0.1.3.3 | 2.13 | 23.05 | 25.18 | OK | |
r-devel-linux-x86_64-fedora-clang | 0.1.3.3 | 42.33 | NOTE | |||
r-devel-linux-x86_64-fedora-gcc | 0.1.3.3 | 59.28 | NOTE | |||
r-devel-windows-x86_64 | 0.1.3.3 | 5.00 | 48.00 | 53.00 | OK | |
r-patched-linux-x86_64 | 0.1.3.3 | 2.63 | 28.37 | 31.00 | OK | |
r-release-linux-x86_64 | 0.1.3.3 | 1.71 | 28.39 | 30.10 | OK | |
r-release-macos-arm64 | 0.1.3.3 | 32.00 | OK | |||
r-release-windows-x86_64 | 0.1.3.3 | 4.00 | 48.00 | 52.00 | OK | |
r-oldrel-macos-arm64 | 0.1.3.3 | 24.00 | OK | |||
r-oldrel-macos-x86_64 | 0.1.3.3 | 35.00 | OK | |||
r-oldrel-windows-x86_64 | 0.1.3.3 | 5.00 | 47.00 | 52.00 | OK |
Version: 0.1.3.3
Check: data for non-ASCII characters
Result: NOTE
Note: found 140 marked UTF-8 strings
Flavors: r-devel-linux-x86_64-fedora-clang, r-devel-linux-x86_64-fedora-gcc