CRAN Package Check Results for Package NHSDataDictionaRy

Last updated on 2024-03-03 01:00:50 CET.

Flavor Version Tinstall Tcheck Ttotal Status Flags
r-devel-linux-x86_64-debian-clang 1.2.5 4.84 58.14 62.98 OK
r-devel-linux-x86_64-debian-gcc 1.2.5 3.93 45.18 49.11 OK
r-devel-linux-x86_64-fedora-clang 1.2.5 80.24 NOTE
r-devel-linux-x86_64-fedora-gcc 1.2.5 93.13 NOTE
r-devel-windows-x86_64 1.2.5 6.00 69.00 75.00 OK
r-patched-linux-x86_64 1.2.5 5.67 56.07 61.74 OK
r-release-linux-x86_64 1.2.5 3.53 57.06 60.59 OK
r-release-macos-arm64 1.2.5 58.00 OK
r-release-macos-x86_64 1.2.5 81.00 OK
r-release-windows-x86_64 1.2.5 9.00 81.00 90.00 OK
r-oldrel-macos-arm64 1.2.5 55.00 NOTE
r-oldrel-windows-x86_64 1.2.5 9.00 82.00 91.00 OK

Check Details

Version: 1.2.5
Check: dependencies in R code
Result: NOTE Namespace in Imports field not imported from: ‘tibble’ All declared Imports should be used. Flavors: r-devel-linux-x86_64-fedora-clang, r-devel-linux-x86_64-fedora-gcc, r-oldrel-macos-arm64