CRAN Package Check Results for Package NMRphasing

Last updated on 2024-04-12 01:00:31 CEST.

Flavor Version Tinstall Tcheck Ttotal Status Flags
r-devel-linux-x86_64-debian-clang 1.0.4 2.87 241.84 244.71 OK
r-devel-linux-x86_64-debian-gcc 1.0.4 2.39 162.36 164.75 OK
r-devel-linux-x86_64-fedora-clang 1.0.4 258.62 OK
r-devel-linux-x86_64-fedora-gcc 1.0.4 306.29 OK
r-devel-windows-x86_64 1.0.4 4.00 149.00 153.00 OK
r-patched-linux-x86_64 1.0.4 3.57 223.15 226.72 OK
r-release-linux-x86_64 1.0.4 4.01 224.29 228.30 OK
r-release-macos-arm64 1.0.4 32.00 ERROR
r-release-macos-x86_64 1.0.4 56.00 ERROR
r-release-windows-x86_64 1.0.4 6.00 181.00 187.00 OK
r-oldrel-macos-arm64 1.0.1 65.00 OK
r-oldrel-windows-x86_64 1.0.1 5.00 144.00 149.00 OK

Check Details

Version: 1.0.4
Check: examples
Result: ERROR Running examples in ‘NMRphasing-Ex.R’ failed The error most likely occurred in: > ### Name: MPC_AAM > ### Title: MPC_AAM > ### Aliases: MPC_AAM > > ### ** Examples > > data("fdat") > mpc_aam_phased1 <- MPC_AAM(fdat$frequency_domain) Error in localMaximumSlidingWindow(x, winSize) : DLL requires the use of native symbols Calls: MPC_AAM ... getLocalMaximumCWT -> localMaximum -> localMaximumSlidingWindow Execution halted Flavors: r-release-macos-arm64, r-release-macos-x86_64

Version: 1.0.4
Check: re-building of vignette outputs
Result: ERROR Error(s) in re-building vignettes: ... --- re-building ‘NMRphasing_vignette.rmd’ using rmarkdown Quitting from lines 82-92 [unnamed-chunk-5] (NMRphasing_vignette.rmd) Error: processing vignette 'NMRphasing_vignette.rmd' failed with diagnostics: DLL requires the use of native symbols --- failed re-building ‘NMRphasing_vignette.rmd’ SUMMARY: processing the following file failed: ‘NMRphasing_vignette.rmd’ Error: Vignette re-building failed. Execution halted Flavors: r-release-macos-arm64, r-release-macos-x86_64