Last updated on 2024-05-05 16:51:53 CEST.
Flavor | Version | Tinstall | Tcheck | Ttotal | Status | Flags |
---|---|---|---|---|---|---|
r-devel-linux-x86_64-debian-clang | 10.8 | 68.84 | 174.91 | 243.75 | NOTE | |
r-devel-linux-x86_64-debian-gcc | 10.8 | 52.55 | 131.90 | 184.45 | NOTE | |
r-devel-linux-x86_64-fedora-clang | 10.8 | 341.72 | NOTE | |||
r-devel-linux-x86_64-fedora-gcc | 10.8 | 220.30 | NOTE | |||
r-devel-windows-x86_64 | 10.8 | 58.00 | 167.00 | 225.00 | NOTE | |
r-patched-linux-x86_64 | 10.8 | 72.36 | 172.54 | 244.90 | NOTE | |
r-release-linux-x86_64 | 10.8 | 60.31 | 170.79 | 231.10 | NOTE | |
r-release-macos-arm64 | 10.8 | 94.00 | NOTE | |||
r-release-macos-x86_64 | 10.8 | 197.00 | NOTE | |||
r-release-windows-x86_64 | 10.8 | 57.00 | 169.00 | 226.00 | NOTE | |
r-oldrel-macos-arm64 | 10.8 | 97.00 | NOTE | |||
r-oldrel-macos-x86_64 | 10.8 | 177.00 | NOTE | |||
r-oldrel-windows-x86_64 | 10.8 | 72.00 | 203.00 | 275.00 | NOTE |
Version: 10.8
Check: for GNU extensions in Makefiles
Result: NOTE
GNU make is a SystemRequirements.
Flavors: r-devel-linux-x86_64-debian-clang, r-devel-linux-x86_64-debian-gcc, r-devel-linux-x86_64-fedora-clang, r-devel-linux-x86_64-fedora-gcc, r-devel-windows-x86_64, r-patched-linux-x86_64, r-release-linux-x86_64, r-release-macos-arm64, r-release-macos-x86_64, r-release-windows-x86_64, r-oldrel-macos-arm64, r-oldrel-macos-x86_64, r-oldrel-windows-x86_64