CRAN Package Check Results for Package NNTbiomarker

Last updated on 2024-02-23 08:53:38 CET.

Flavor Version Tinstall Tcheck Ttotal Status Flags
r-devel-linux-x86_64-debian-clang 0.29.11 NOTE
r-devel-linux-x86_64-debian-gcc 0.29.11 6.63 64.13 70.76 NOTE
r-devel-linux-x86_64-fedora-clang 0.29.11 123.74 NOTE
r-devel-linux-x86_64-fedora-gcc 0.29.11 133.97 NOTE
r-devel-windows-x86_64 0.29.11 8.00 81.00 89.00 OK
r-patched-linux-x86_64 0.29.11 9.00 84.25 93.25 OK
r-release-linux-x86_64 0.29.11 8.88 83.11 91.99 OK
r-release-macos-arm64 0.29.11 42.00 OK
r-release-macos-x86_64 0.29.11 66.00 OK
r-release-windows-x86_64 0.29.11 11.00 93.00 104.00 OK
r-oldrel-macos-arm64 0.29.11 32.00 OK
r-oldrel-windows-x86_64 0.29.11 12.00 92.00 104.00 OK

Check Details

Version: 0.29.11
Check: Rd files
Result: NOTE checkRd: (-1) ROCplots.Rd:35: Lost braces in \itemize; meant \describe ? checkRd: (-1) ROCplots.Rd:36: Lost braces in \itemize; meant \describe ? checkRd: (-1) ROCplots.Rd:37: Lost braces in \itemize; meant \describe ? checkRd: (-1) ROCplots.Rd:38: Lost braces in \itemize; meant \describe ? checkRd: (-1) ROCplots.Rd:39: Lost braces in \itemize; meant \describe ? checkRd: (-1) ROCplots.Rd:40: Lost braces in \itemize; meant \describe ? Flavors: r-devel-linux-x86_64-debian-clang, r-devel-linux-x86_64-debian-gcc, r-devel-linux-x86_64-fedora-clang, r-devel-linux-x86_64-fedora-gcc