CRAN Package Check Results for Package NPBayesImputeCat

Last updated on 2024-02-22 00:58:36 CET.

Flavor Version Tinstall Tcheck Ttotal Status Flags
r-devel-linux-x86_64-debian-clang 0.5 NOTE
r-devel-linux-x86_64-debian-gcc 0.5 38.93 51.87 90.80 NOTE
r-devel-linux-x86_64-fedora-clang 0.5 188.23 NOTE
r-devel-linux-x86_64-fedora-gcc 0.5 169.38 NOTE
r-devel-windows-x86_64 0.5 44.00 89.00 133.00 OK
r-patched-linux-x86_64 0.5 51.67 67.46 119.13 OK
r-release-linux-x86_64 0.5 35.49 66.38 101.87 OK
r-release-macos-arm64 0.5 50.00 OK
r-release-macos-x86_64 0.5 81.00 OK
r-release-windows-x86_64 0.5 56.00 108.00 164.00 OK
r-oldrel-macos-arm64 0.5 51.00 OK
r-oldrel-windows-x86_64 0.5 53.00 109.00 162.00 OK

Check Details

Version: 0.5
Check: Rd files
Result: NOTE checkRd: (-1) Lcm.Rd:75: Lost braces 75 | \item{\code{GetTrace()}:}{retrieve all traced iterations. Returns a list with all the parameters set using the method SetTrace(). See description of snapshot{reference} method for a description of the parameters. } | ^ Flavors: r-devel-linux-x86_64-debian-clang, r-devel-linux-x86_64-debian-gcc, r-devel-linux-x86_64-fedora-clang, r-devel-linux-x86_64-fedora-gcc