CRAN Package Check Results for Package NPflow

Last updated on 2024-02-27 00:59:23 CET.

Flavor Version Tinstall Tcheck Ttotal Status Flags
r-devel-linux-x86_64-debian-clang 0.13.5 319.47 138.39 457.86 OK
r-devel-linux-x86_64-debian-gcc 0.13.5 243.14 100.80 343.94 OK
r-devel-linux-x86_64-fedora-clang 0.13.5 656.86 OK
r-devel-linux-x86_64-fedora-gcc 0.13.5 665.94 OK
r-devel-windows-x86_64 0.13.5 225.00 146.00 371.00 OK
r-patched-linux-x86_64 0.13.5 289.40 131.79 421.19 OK
r-release-linux-x86_64 0.13.5 286.20 131.10 417.30 OK
r-release-macos-arm64 0.13.5 93.00 NOTE
r-release-macos-x86_64 0.13.5 170.00 NOTE
r-release-windows-x86_64 0.13.5 292.00 176.00 468.00 OK
r-oldrel-macos-arm64 0.13.5 96.00 NOTE
r-oldrel-windows-x86_64 0.13.5 289.00 165.00 454.00 OK

Check Details

Version: 0.13.5
Check: installed package size
Result: NOTE installed size is 7.3Mb sub-directories of 1Mb or more: libs 6.6Mb Flavors: r-release-macos-arm64, r-release-macos-x86_64, r-oldrel-macos-arm64