CRAN Package Check Results for Package NetworkInference

Last updated on 2024-02-26 08:48:51 CET.

Flavor Version Tinstall Tcheck Ttotal Status Flags
r-devel-linux-x86_64-debian-clang 1.2.4 64.92 112.09 177.01 NOTE
r-devel-linux-x86_64-debian-gcc 1.2.4 49.07 86.16 135.23 NOTE
r-devel-linux-x86_64-fedora-clang 1.2.4 244.45 NOTE
r-devel-linux-x86_64-fedora-gcc 1.2.4 235.27 NOTE
r-devel-windows-x86_64 1.2.4 50.00 119.00 169.00 NOTE
r-patched-linux-x86_64 1.2.4 43.16 105.78 148.94 NOTE
r-release-linux-x86_64 1.2.4 44.36 105.39 149.75 NOTE
r-release-macos-arm64 1.2.4 72.00 NOTE
r-release-macos-x86_64 1.2.4 113.00 NOTE
r-release-windows-x86_64 1.2.4 64.00 140.00 204.00 NOTE
r-oldrel-macos-arm64 1.2.4 60.00 OK
r-oldrel-windows-x86_64 1.2.4 65.00 141.00 206.00 OK

Check Details

Version: 1.2.4
Check: C++ specification
Result: NOTE Specified C++11: please drop specification unless essential Flavors: r-devel-linux-x86_64-debian-clang, r-devel-linux-x86_64-debian-gcc, r-devel-linux-x86_64-fedora-clang, r-devel-linux-x86_64-fedora-gcc, r-devel-windows-x86_64, r-patched-linux-x86_64, r-release-linux-x86_64, r-release-macos-arm64, r-release-macos-x86_64, r-release-windows-x86_64