CRAN Package Check Results for Package NicheBarcoding

Last updated on 2024-03-02 00:53:31 CET.

Flavor Version Tinstall Tcheck Ttotal Status Flags
r-devel-linux-x86_64-debian-clang 1.0 4.94 429.69 434.63 OK
r-devel-linux-x86_64-debian-gcc 1.0 5.14 306.25 311.39 OK
r-devel-linux-x86_64-fedora-clang 1.0 511.93 NOTE
r-devel-linux-x86_64-fedora-gcc 1.0 525.79 NOTE
r-devel-windows-x86_64 1.0 6.00 283.00 289.00 OK
r-patched-linux-x86_64 1.0 4.95 404.05 409.00 OK
r-release-linux-x86_64 1.0 5.95 410.24 416.19 OK
r-release-macos-arm64 1.0 158.00 OK
r-release-macos-x86_64 1.0 276.00 OK
r-release-windows-x86_64 1.0 9.00 357.00 366.00 OK
r-oldrel-macos-arm64 1.0 154.00 NOTE
r-oldrel-windows-x86_64 1.0 9.00 347.00 356.00 OK

Check Details

Version: 1.0
Check: dependencies in R code
Result: NOTE Namespace in Imports field not imported from: ‘rJava’ All declared Imports should be used. Flavors: r-devel-linux-x86_64-fedora-clang, r-devel-linux-x86_64-fedora-gcc, r-oldrel-macos-arm64