CRAN Package Check Results for Package NipponMap

Last updated on 2024-02-28 16:50:41 CET.

Flavor Version Tinstall Tcheck Ttotal Status Flags
r-devel-linux-x86_64-debian-clang 0.2 4.70 59.47 64.17 NOTE
r-devel-linux-x86_64-debian-gcc 0.2 5.06 46.06 51.12 NOTE
r-devel-linux-x86_64-fedora-clang 0.2 82.80 NOTE
r-devel-linux-x86_64-fedora-gcc 0.2 76.64 NOTE
r-devel-windows-x86_64 0.2 7.00 65.00 72.00 NOTE
r-patched-linux-x86_64 0.2 6.76 56.80 63.56 NOTE
r-release-linux-x86_64 0.2 6.85 56.90 63.75 NOTE
r-release-macos-arm64 0.2 28.00 NOTE
r-release-macos-x86_64 0.2 43.00 NOTE
r-release-windows-x86_64 0.2 8.00 73.00 81.00 NOTE
r-oldrel-macos-arm64 0.2 22.00 NOTE
r-oldrel-windows-x86_64 0.2 9.00 78.00 87.00 NOTE

Check Details

Version: 0.2
Check: package dependencies
Result: NOTE Package which this enhances but not available for checking: ‘jpndistrict’ Flavors: r-devel-linux-x86_64-debian-clang, r-devel-linux-x86_64-debian-gcc, r-devel-linux-x86_64-fedora-clang, r-devel-linux-x86_64-fedora-gcc, r-devel-windows-x86_64, r-patched-linux-x86_64, r-release-linux-x86_64, r-release-macos-arm64, r-release-macos-x86_64, r-release-windows-x86_64, r-oldrel-macos-arm64, r-oldrel-windows-x86_64

Version: 0.2
Check: Rd cross-references
Result: NOTE Undeclared packages ‘cshapes’, ‘mapdata’ in Rd xrefs Flavor: r-devel-linux-x86_64-fedora-clang