CRAN Package Check Results for Package OOBCurve

Last updated on 2024-02-25 16:51:48 CET.

Flavor Version Tinstall Tcheck Ttotal Status Flags
r-devel-linux-x86_64-debian-clang 0.3 11.56 107.31 118.87 NOTE
r-devel-linux-x86_64-debian-gcc 0.3 7.92 80.71 88.63 NOTE
r-devel-linux-x86_64-fedora-clang 0.3 139.11 NOTE
r-devel-linux-x86_64-fedora-gcc 0.3 134.65 NOTE
r-devel-windows-x86_64 0.3 10.00 91.00 101.00 NOTE
r-patched-linux-x86_64 0.3 10.35 104.22 114.57 NOTE
r-release-linux-x86_64 0.3 9.35 101.83 111.18 NOTE
r-release-macos-arm64 0.3 45.00 NOTE
r-release-macos-x86_64 0.3 74.00 NOTE
r-release-windows-x86_64 0.3 14.00 111.00 125.00 NOTE
r-oldrel-macos-arm64 0.3 40.00 NOTE
r-oldrel-windows-x86_64 0.3 13.00 114.00 127.00 NOTE

Check Details

Version: 0.3
Check: LazyData
Result: NOTE 'LazyData' is specified without a 'data' directory Flavors: r-devel-linux-x86_64-debian-clang, r-devel-linux-x86_64-debian-gcc, r-devel-linux-x86_64-fedora-clang, r-devel-linux-x86_64-fedora-gcc, r-devel-windows-x86_64, r-patched-linux-x86_64, r-release-linux-x86_64, r-release-macos-arm64, r-release-macos-x86_64, r-release-windows-x86_64, r-oldrel-macos-arm64, r-oldrel-windows-x86_64

Version: 0.3
Check: dependencies in R code
Result: NOTE Namespaces in Imports field not imported from: ‘randomForest’ ‘ranger’ All declared Imports should be used. Flavors: r-devel-linux-x86_64-fedora-clang, r-devel-linux-x86_64-fedora-gcc, r-oldrel-macos-arm64