CRAN Package Check Results for Package OncoBayes2

Last updated on 2024-07-23 08:49:12 CEST.

Flavor Version Tinstall Tcheck Ttotal Status Flags
r-devel-linux-x86_64-debian-clang 0.8-9 260.42 356.96 617.38 NOTE
r-devel-linux-x86_64-debian-gcc 0.8-9 203.59 280.54 484.13 NOTE
r-devel-linux-x86_64-fedora-clang 0.8-9 795.16 NOTE
r-devel-linux-x86_64-fedora-gcc 0.8-9 921.79 NOTE
r-devel-windows-x86_64 0.8-9 209.00 291.00 500.00 NOTE
r-patched-linux-x86_64 0.8-9 0.02 2.80 2.82 ERROR
r-release-linux-x86_64 0.8-9 168.18 358.07 526.25 NOTE
r-release-macos-arm64 0.8-9 173.00 NOTE
r-release-macos-x86_64 0.8-9 269.00 NOTE
r-release-windows-x86_64 0.8-9 202.00 284.00 486.00 NOTE
r-oldrel-macos-arm64 0.8-9 149.00 NOTE
r-oldrel-macos-x86_64 0.8-9 400.00 NOTE
r-oldrel-windows-x86_64 0.8-9 255.00 379.00 634.00 NOTE

Check Details

Version: 0.8-9
Check: package dependencies
Result: NOTE Package suggested but not available for checking: ‘cmdstanr’ Flavors: r-devel-linux-x86_64-debian-clang, r-devel-linux-x86_64-debian-gcc, r-devel-linux-x86_64-fedora-clang, r-devel-linux-x86_64-fedora-gcc, r-devel-windows-x86_64, r-patched-linux-x86_64, r-release-linux-x86_64, r-release-macos-arm64, r-release-macos-x86_64, r-release-windows-x86_64, r-oldrel-macos-arm64, r-oldrel-macos-x86_64, r-oldrel-windows-x86_64

Version: 0.8-9
Check: Rd files
Result: NOTE checkRd: (-1) summary.blrm_trial.Rd:20: Lost braces in \itemize; meant \describe ? checkRd: (-1) summary.blrm_trial.Rd:21: Lost braces in \itemize; meant \describe ? checkRd: (-1) summary.blrm_trial.Rd:22: Lost braces in \itemize; meant \describe ? checkRd: (-1) summary.blrm_trial.Rd:23: Lost braces in \itemize; meant \describe ? checkRd: (-1) summary.blrm_trial.Rd:24: Lost braces in \itemize; meant \describe ? checkRd: (-1) summary.blrm_trial.Rd:25: Lost braces in \itemize; meant \describe ? checkRd: (-1) summary.blrm_trial.Rd:26: Lost braces in \itemize; meant \describe ? checkRd: (-1) summary.blrm_trial.Rd:27: Lost braces in \itemize; meant \describe ? checkRd: (-1) summary.blrm_trial.Rd:28-29: Lost braces in \itemize; meant \describe ? checkRd: (-1) summary.blrm_trial.Rd:30: Lost braces in \itemize; meant \describe ? checkRd: (-1) summary.blrm_trial.Rd:31-33: Lost braces in \itemize; meant \describe ? checkRd: (-1) summary.blrm_trial.Rd:34: Lost braces in \itemize; meant \describe ? Flavors: r-devel-linux-x86_64-debian-clang, r-devel-linux-x86_64-debian-gcc, r-devel-linux-x86_64-fedora-clang, r-devel-linux-x86_64-fedora-gcc, r-devel-windows-x86_64, r-release-linux-x86_64, r-release-macos-arm64, r-release-macos-x86_64, r-release-windows-x86_64

Version: 0.8-9
Check: for GNU extensions in Makefiles
Result: NOTE GNU make is a SystemRequirements. Flavors: r-devel-linux-x86_64-debian-clang, r-devel-linux-x86_64-debian-gcc, r-devel-linux-x86_64-fedora-clang, r-devel-linux-x86_64-fedora-gcc, r-devel-windows-x86_64, r-release-linux-x86_64, r-release-macos-arm64, r-release-macos-x86_64, r-release-windows-x86_64, r-oldrel-macos-arm64, r-oldrel-macos-x86_64, r-oldrel-windows-x86_64

Version: 0.8-9
Check: installed package size
Result: NOTE installed size is 5.3Mb sub-directories of 1Mb or more: libs 3.3Mb Flavors: r-devel-linux-x86_64-fedora-clang, r-release-macos-arm64, r-release-macos-x86_64, r-oldrel-macos-arm64, r-oldrel-macos-x86_64

Version: 0.8-9
Check: whether package can be installed
Result: ERROR Installation failed. Flavor: r-patched-linux-x86_64