CRAN Package Check Results for Package OpenImageR

Last updated on 2024-02-28 08:54:36 CET.

Flavor Version Tinstall Tcheck Ttotal Status Flags
r-devel-linux-x86_64-debian-clang 1.3.0 68.85 112.71 181.56 OK
r-devel-linux-x86_64-debian-gcc 1.3.0 57.25 86.40 143.65 OK
r-devel-linux-x86_64-fedora-clang 1.3.0 231.54 OK
r-devel-linux-x86_64-fedora-gcc 1.3.0 254.78 OK
r-devel-windows-x86_64 1.3.0 54.00 151.00 205.00 NOTE
r-patched-linux-x86_64 1.3.0 72.95 106.98 179.93 OK
r-release-linux-x86_64 1.3.0 68.13 108.55 176.68 OK
r-release-macos-arm64 1.3.0 65.00 NOTE
r-release-macos-x86_64 1.3.0 162.00 NOTE
r-release-windows-x86_64 1.3.0 68.00 172.00 240.00 NOTE
r-oldrel-macos-arm64 1.3.0 63.00 NOTE
r-oldrel-windows-x86_64 1.3.0 63.00 165.00 228.00 NOTE

Check Details

Version: 1.3.0
Check: installed package size
Result: NOTE installed size is 5.1Mb sub-directories of 1Mb or more: doc 2.4Mb libs 1.6Mb Flavors: r-devel-windows-x86_64, r-release-macos-arm64, r-release-macos-x86_64, r-release-windows-x86_64, r-oldrel-macos-arm64, r-oldrel-windows-x86_64