CRAN Package Check Results for Package OrdFacReg

Last updated on 2024-04-22 00:53:27 CEST.

Flavor Version Tinstall Tcheck Ttotal Status Flags
r-devel-linux-x86_64-debian-clang 1.0.6 8.88 72.52 81.40 NOTE
r-devel-linux-x86_64-debian-gcc 1.0.6 6.11 55.88 61.99 NOTE
r-devel-linux-x86_64-fedora-clang 1.0.6 99.86 NOTE
r-devel-linux-x86_64-fedora-gcc 1.0.6 97.66 NOTE
r-prerel-macos-arm64 1.0.6 32.00 NOTE
r-prerel-windows-x86_64 1.0.6 7.00 71.00 78.00 NOTE
r-patched-linux-x86_64 1.0.6 8.67 69.93 78.60 NOTE
r-release-linux-x86_64 1.0.6 7.84 70.77 78.61 OK
r-release-macos-arm64 1.0.6 35.00 OK
r-release-macos-x86_64 1.0.6 55.00 OK
r-release-windows-x86_64 1.0.6 10.00 82.00 92.00 OK
r-oldrel-macos-arm64 1.0.6 33.00 OK
r-oldrel-windows-x86_64 1.0.6 10.00 89.00 99.00 OK

Check Details

Version: 1.0.6
Check: Rd files
Result: NOTE checkRd: (-1) internal.Rd:26-27: Lost braces in \itemize; meant \describe ? checkRd: (-1) internal.Rd:29-31: Lost braces in \itemize; meant \describe ? checkRd: (-1) internal.Rd:33: Lost braces in \itemize; meant \describe ? checkRd: (-1) internal.Rd:35: Lost braces in \itemize; meant \describe ? checkRd: (-1) internal.Rd:37-38: Lost braces in \itemize; meant \describe ? checkRd: (-1) internal.Rd:40-41: Lost braces in \itemize; meant \describe ? checkRd: (-1) internal.Rd:43-44: Lost braces in \itemize; meant \describe ? checkRd: (-1) internal.Rd:46: Lost braces in \itemize; meant \describe ? checkRd: (-1) internal.Rd:48: Lost braces in \itemize; meant \describe ? checkRd: (-1) internal.Rd:50: Lost braces in \itemize; meant \describe ? checkRd: (-1) internal.Rd:52: Lost braces in \itemize; meant \describe ? checkRd: (-1) internal.Rd:54: Lost braces in \itemize; meant \describe ? checkRd: (-1) internal.Rd:56-57: Lost braces in \itemize; meant \describe ? checkRd: (-1) internal.Rd:59-60: Lost braces in \itemize; meant \describe ? checkRd: (-1) internal.Rd:62-63: Lost braces in \itemize; meant \describe ? checkRd: (-1) internal.Rd:65-66: Lost braces in \itemize; meant \describe ? checkRd: (-1) internal.Rd:68: Lost braces in \itemize; meant \describe ? checkRd: (-1) internal.Rd:70: Lost braces in \itemize; meant \describe ? Flavors: r-devel-linux-x86_64-debian-clang, r-devel-linux-x86_64-debian-gcc, r-devel-linux-x86_64-fedora-clang, r-devel-linux-x86_64-fedora-gcc, r-prerel-macos-arm64, r-prerel-windows-x86_64, r-patched-linux-x86_64