Last updated on 2024-08-31 17:49:03 CEST.
Flavor | Version | Tinstall | Tcheck | Ttotal | Status | Flags |
---|---|---|---|---|---|---|
r-devel-linux-x86_64-debian-clang | 2.73.4 | 19.55 | 79.50 | 99.05 | OK | |
r-devel-linux-x86_64-debian-gcc | 2.73.4 | 14.45 | 56.21 | 70.66 | OK | |
r-devel-linux-x86_64-fedora-clang | 2.73.4 | 161.84 | NOTE | |||
r-devel-linux-x86_64-fedora-gcc | 2.73.4 | 171.87 | OK | |||
r-devel-windows-x86_64 | 2.73.4 | 26.00 | 126.00 | 152.00 | NOTE | |
r-patched-linux-x86_64 | 2.73.4 | 22.46 | 75.16 | 97.62 | OK | |
r-release-linux-x86_64 | 2.73.4 | 19.42 | 75.62 | 95.04 | OK | |
r-release-macos-arm64 | 2.73.4 | 47.00 | NOTE | |||
r-release-macos-x86_64 | 2.73.4 | 73.00 | NOTE | |||
r-release-windows-x86_64 | 2.73.4 | 26.00 | 122.00 | 148.00 | NOTE | |
r-oldrel-macos-arm64 | 2.73.4 | 54.00 | NOTE | |||
r-oldrel-macos-x86_64 | 2.73.4 | 182.00 | NOTE | |||
r-oldrel-windows-x86_64 | 2.73.4 | 29.00 | 143.00 | 172.00 | NOTE |
Version: 2.73.4
Check: installed package size
Result: NOTE
installed size is 5.6Mb
sub-directories of 1Mb or more:
data 2.7Mb
doc 1.1Mb
Flavors: r-devel-linux-x86_64-fedora-clang, r-devel-windows-x86_64, r-release-macos-arm64, r-release-macos-x86_64, r-release-windows-x86_64, r-oldrel-macos-arm64, r-oldrel-macos-x86_64, r-oldrel-windows-x86_64