CRAN Package Check Results for Package PBSmodelling

Last updated on 2024-02-20 16:49:34 CET.

Flavor Version Tinstall Tcheck Ttotal Status Flags
r-devel-linux-x86_64-debian-clang 2.69.3 OK
r-devel-linux-x86_64-debian-gcc 2.69.3 15.62 87.23 102.85 OK
r-devel-linux-x86_64-fedora-clang 2.69.3 175.59 NOTE
r-devel-linux-x86_64-fedora-gcc 2.69.3 180.71 OK
r-devel-windows-x86_64 2.69.3 19.00 120.00 139.00 NOTE
r-patched-linux-x86_64 2.69.3 20.75 116.04 136.79 OK
r-release-linux-x86_64 2.69.3 17.58 116.26 133.84 OK
r-release-macos-arm64 2.69.3 53.00 NOTE
r-release-macos-x86_64 2.69.3 186.00 NOTE
r-release-windows-x86_64 2.69.3 20.00 132.00 152.00 NOTE
r-oldrel-macos-arm64 2.69.3 82.00 NOTE
r-oldrel-windows-x86_64 2.69.3 27.00 127.00 154.00 NOTE

Check Details

Version: 2.69.3
Check: installed package size
Result: NOTE installed size is 5.4Mb sub-directories of 1Mb or more: doc 1.4Mb examples 1.7Mb Flavors: r-devel-linux-x86_64-fedora-clang, r-devel-windows-x86_64, r-release-macos-arm64, r-release-macos-x86_64, r-release-windows-x86_64, r-oldrel-macos-arm64, r-oldrel-windows-x86_64