CRAN Package Check Results for Package PCMRS

Last updated on 2024-02-24 08:49:45 CET.

Flavor Version Tinstall Tcheck Ttotal Status Flags
r-devel-linux-x86_64-debian-clang 0.1-4 41.89 89.38 131.27 NOTE
r-devel-linux-x86_64-debian-gcc 0.1-4 35.62 63.70 99.32 NOTE
r-devel-linux-x86_64-fedora-clang 0.1-4 173.23 NOTE
r-devel-linux-x86_64-fedora-gcc 0.1-4 169.88 NOTE
r-devel-windows-x86_64 0.1-4 38.00 99.00 137.00 NOTE
r-patched-linux-x86_64 0.1-4 56.55 82.77 139.32 NOTE
r-release-linux-x86_64 0.1-4 42.02 81.80 123.82 NOTE
r-release-macos-arm64 0.1-4 55.00 NOTE
r-release-macos-x86_64 0.1-4 88.00 NOTE
r-release-windows-x86_64 0.1-4 46.00 114.00 160.00 NOTE
r-oldrel-macos-arm64 0.1-4 51.00 OK
r-oldrel-windows-x86_64 0.1-4 47.00 112.00 159.00 OK

Check Details

Version: 0.1-4
Check: C++ specification
Result: NOTE Specified C++11: please drop specification unless essential Flavors: r-devel-linux-x86_64-debian-clang, r-devel-linux-x86_64-debian-gcc, r-devel-linux-x86_64-fedora-clang, r-devel-linux-x86_64-fedora-gcc, r-devel-windows-x86_64, r-patched-linux-x86_64, r-release-linux-x86_64, r-release-macos-arm64, r-release-macos-x86_64, r-release-windows-x86_64