CRAN Package Check Results for Package PDN

Last updated on 2024-02-29 00:55:48 CET.

Flavor Version Tinstall Tcheck Ttotal Status Flags
r-devel-linux-x86_64-debian-clang 0.1.0 11.46 142.07 153.53 OK
r-devel-linux-x86_64-debian-gcc 0.1.0 8.84 107.82 116.66 OK
r-devel-linux-x86_64-fedora-clang 0.1.0 188.97 NOTE
r-devel-linux-x86_64-fedora-gcc 0.1.0 189.97 NOTE
r-devel-windows-x86_64 0.1.0 10.00 113.00 123.00 OK
r-patched-linux-x86_64 0.1.0 11.69 141.47 153.16 OK
r-release-linux-x86_64 0.1.0 7.35 140.52 147.87 OK
r-release-macos-arm64 0.1.0 63.00 OK
r-release-macos-x86_64 0.1.0 106.00 OK
r-release-windows-x86_64 0.1.0 13.00 147.00 160.00 OK
r-oldrel-macos-arm64 0.1.0 56.00 NOTE
r-oldrel-windows-x86_64 0.1.0 12.00 145.00 157.00 OK

Check Details

Version: 0.1.0
Check: dependencies in R code
Result: NOTE Namespace in Imports field not imported from: ‘glmnet’ All declared Imports should be used. Flavors: r-devel-linux-x86_64-fedora-clang, r-devel-linux-x86_64-fedora-gcc, r-oldrel-macos-arm64