CRAN Package Check Results for Package PPQplan

Last updated on 2024-03-02 16:54:53 CET.

Flavor Version Tinstall Tcheck Ttotal Status Flags
r-devel-linux-x86_64-debian-clang 1.1.0 9.22 145.30 154.52 NOTE
r-devel-linux-x86_64-debian-gcc 1.1.0 5.74 107.97 113.71 NOTE
r-devel-linux-x86_64-fedora-clang 1.1.0 185.59 NOTE
r-devel-linux-x86_64-fedora-gcc 1.1.0 193.38 NOTE
r-devel-windows-x86_64 1.1.0 9.00 124.00 133.00 NOTE
r-patched-linux-x86_64 1.1.0 7.98 142.02 150.00 NOTE
r-release-linux-x86_64 1.1.0 5.46 141.93 147.39 NOTE
r-release-macos-arm64 1.1.0 68.00 NOTE
r-release-macos-x86_64 1.1.0 87.00 NOTE
r-release-windows-x86_64 1.1.0 13.00 157.00 170.00 NOTE
r-oldrel-macos-arm64 1.1.0 56.00 NOTE
r-oldrel-windows-x86_64 1.1.0 13.00 155.00 168.00 NOTE

Check Details

Version: 1.1.0
Check: LazyData
Result: NOTE 'LazyData' is specified without a 'data' directory Flavors: r-devel-linux-x86_64-debian-clang, r-devel-linux-x86_64-debian-gcc, r-devel-linux-x86_64-fedora-clang, r-devel-linux-x86_64-fedora-gcc, r-devel-windows-x86_64, r-patched-linux-x86_64, r-release-linux-x86_64, r-release-macos-arm64, r-release-macos-x86_64, r-release-windows-x86_64, r-oldrel-macos-arm64, r-oldrel-windows-x86_64

Version: 1.1.0
Check: installed package size
Result: NOTE installed size is 12.1Mb sub-directories of 1Mb or more: doc 12.0Mb Flavors: r-devel-linux-x86_64-fedora-clang, r-devel-windows-x86_64, r-release-macos-arm64, r-release-macos-x86_64, r-release-windows-x86_64, r-oldrel-macos-arm64, r-oldrel-windows-x86_64