Last updated on 2024-04-19 08:54:50 CEST.
Flavor | Version | Tinstall | Tcheck | Ttotal | Status | Flags |
---|---|---|---|---|---|---|
r-devel-linux-x86_64-debian-clang | 0.3.8 | 257.45 | 33.72 | 291.17 | NOTE | |
r-devel-linux-x86_64-debian-gcc | 0.3.8 | NOTE | ||||
r-devel-linux-x86_64-fedora-clang | 0.3.8 | 500.29 | NOTE | |||
r-devel-linux-x86_64-fedora-gcc | 0.3.8 | 437.27 | NOTE | |||
r-prerel-macos-arm64 | 0.3.8 | 75.00 | NOTE | |||
r-prerel-windows-x86_64 | 0.3.8 | 196.00 | 72.00 | 268.00 | NOTE | |
r-patched-linux-x86_64 | 0.3.8 | 253.30 | 32.24 | 285.54 | NOTE | |
r-release-linux-x86_64 | 0.3.8 | 248.37 | 32.28 | 280.65 | NOTE | |
r-release-macos-arm64 | 0.3.8 | 94.00 | NOTE | |||
r-release-macos-x86_64 | 0.3.8 | 178.00 | NOTE | |||
r-release-windows-x86_64 | 0.3.8 | 181.00 | 79.00 | 260.00 | NOTE | |
r-oldrel-macos-arm64 | 0.3.8 | 90.00 | NOTE | |||
r-oldrel-windows-x86_64 | 0.3.8 | 244.00 | 77.00 | 321.00 | OK |
Version: 0.3.8
Check: C++ specification
Result: NOTE
Specified C++11: please drop specification unless essential
Flavors: r-devel-linux-x86_64-debian-clang, r-devel-linux-x86_64-debian-gcc, r-devel-linux-x86_64-fedora-clang, r-devel-linux-x86_64-fedora-gcc, r-prerel-macos-arm64, r-prerel-windows-x86_64, r-patched-linux-x86_64, r-release-linux-x86_64, r-release-macos-arm64, r-release-macos-x86_64, r-release-windows-x86_64
Version: 0.3.8
Check: installed package size
Result: NOTE
installed size is 8.9Mb
sub-directories of 1Mb or more:
libs 8.0Mb
Flavors: r-prerel-macos-arm64, r-release-macos-arm64, r-release-macos-x86_64, r-oldrel-macos-arm64