Last updated on 2024-05-21 16:53:26 CEST.
Flavor | Version | Tinstall | Tcheck | Ttotal | Status | Flags |
---|---|---|---|---|---|---|
r-devel-linux-x86_64-debian-clang | 0.1.0 | 42.09 | 68.58 | 110.67 | NOTE | |
r-devel-linux-x86_64-debian-gcc | 0.1.0 | 26.30 | 51.15 | 77.45 | NOTE | |
r-devel-linux-x86_64-fedora-clang | 0.1.0 | 141.10 | NOTE | |||
r-devel-linux-x86_64-fedora-gcc | 0.1.0 | 135.58 | NOTE | |||
r-devel-windows-x86_64 | 0.1.0 | 30.00 | 84.00 | 114.00 | NOTE | |
r-patched-linux-x86_64 | 0.1.0 | 35.76 | 64.38 | 100.14 | NOTE | |
r-release-linux-x86_64 | 0.1.0 | 40.14 | 63.43 | 103.57 | NOTE | |
r-release-macos-arm64 | 0.1.0 | 36.00 | NOTE | |||
r-release-windows-x86_64 | 0.1.0 | 30.00 | 84.00 | 114.00 | NOTE | |
r-oldrel-macos-arm64 | 0.1.0 | 42.00 | NOTE | |||
r-oldrel-macos-x86_64 | 0.1.0 | 68.00 | NOTE | |||
r-oldrel-windows-x86_64 | 0.1.0 | 39.00 | 99.00 | 138.00 | NOTE |
Version: 0.1.0
Check: C++ specification
Result: NOTE
Specified C++11: please drop specification unless essential
Flavors: r-devel-linux-x86_64-debian-clang, r-devel-linux-x86_64-debian-gcc, r-devel-linux-x86_64-fedora-clang, r-devel-linux-x86_64-fedora-gcc, r-devel-windows-x86_64, r-patched-linux-x86_64, r-release-linux-x86_64, r-release-macos-arm64, r-release-windows-x86_64, r-oldrel-macos-arm64, r-oldrel-macos-x86_64, r-oldrel-windows-x86_64