CRAN Package Check Results for Package PQLseq

Last updated on 2024-02-22 00:58:38 CET.

Flavor Version Tinstall Tcheck Ttotal Status Flags
r-devel-linux-x86_64-debian-clang 1.2.1 NOTE
r-devel-linux-x86_64-debian-gcc 1.2.1 43.23 53.56 96.79 NOTE
r-devel-linux-x86_64-fedora-clang 1.2.1 169.28 NOTE
r-devel-linux-x86_64-fedora-gcc 1.2.1 168.81 NOTE
r-devel-windows-x86_64 1.2.1 44.00 92.00 136.00 NOTE
r-patched-linux-x86_64 1.2.1 54.72 68.35 123.07 NOTE
r-release-linux-x86_64 1.2.1 52.37 68.98 121.35 NOTE
r-release-macos-arm64 1.2.1 53.00 NOTE
r-release-macos-x86_64 1.2.1 84.00 NOTE
r-release-windows-x86_64 1.2.1 57.00 106.00 163.00 NOTE
r-oldrel-macos-arm64 1.2.1 43.00 OK
r-oldrel-windows-x86_64 1.2.1 56.00 105.00 161.00 OK

Check Details

Version: 1.2.1
Check: C++ specification
Result: NOTE Specified C++11: please drop specification unless essential Flavors: r-devel-linux-x86_64-debian-clang, r-devel-linux-x86_64-debian-gcc, r-devel-linux-x86_64-fedora-clang, r-devel-linux-x86_64-fedora-gcc, r-devel-windows-x86_64, r-patched-linux-x86_64, r-release-linux-x86_64, r-release-macos-arm64, r-release-macos-x86_64, r-release-windows-x86_64