CRAN Package Check Results for Package PRISM.forecast

Last updated on 2024-02-21 00:54:37 CET.

Flavor Version Tinstall Tcheck Ttotal Status Flags
r-devel-linux-x86_64-debian-clang 0.2.1 NOTE
r-devel-linux-x86_64-debian-gcc 0.2.1 2.72 26.34 29.06 NOTE
r-devel-linux-x86_64-fedora-clang 0.2.1 45.69 NOTE
r-devel-linux-x86_64-fedora-gcc 0.2.1 44.39 NOTE
r-devel-windows-x86_64 0.2.1 4.00 53.00 57.00 NOTE
r-patched-linux-x86_64 0.2.1 3.19 34.42 37.61 NOTE
r-release-linux-x86_64 0.2.1 2.60 32.95 35.55 NOTE
r-release-macos-arm64 0.2.1 23.00 NOTE
r-release-macos-x86_64 0.2.1 29.00 NOTE
r-release-windows-x86_64 0.2.1 5.00 57.00 62.00 NOTE
r-oldrel-macos-arm64 0.2.1 21.00 NOTE
r-oldrel-windows-x86_64 0.2.1 5.00 61.00 66.00 NOTE

Check Details

Version: 0.2.1
Check: LazyData
Result: NOTE 'LazyData' is specified without a 'data' directory Flavors: r-devel-linux-x86_64-debian-clang, r-devel-linux-x86_64-debian-gcc, r-devel-linux-x86_64-fedora-clang, r-devel-linux-x86_64-fedora-gcc, r-devel-windows-x86_64, r-patched-linux-x86_64, r-release-linux-x86_64, r-release-macos-arm64, r-release-macos-x86_64, r-release-windows-x86_64, r-oldrel-macos-arm64, r-oldrel-windows-x86_64