CRAN Package Check Results for Package PSDistr

Last updated on 2024-02-27 16:49:25 CET.

Flavor Version Tinstall Tcheck Ttotal Status Flags
r-devel-linux-x86_64-debian-clang 0.0.1 2.88 33.36 36.24 NOTE
r-devel-linux-x86_64-debian-gcc 0.0.1 2.39 25.36 27.75 NOTE
r-devel-linux-x86_64-fedora-clang 0.0.1 43.98 NOTE
r-devel-linux-x86_64-fedora-gcc 0.0.1 58.18 NOTE
r-devel-windows-x86_64 0.0.1 3.00 52.00 55.00 OK
r-patched-linux-x86_64 0.0.1 3.87 31.68 35.55 OK
r-release-linux-x86_64 0.0.1 2.66 31.71 34.37 OK
r-release-macos-arm64 0.0.1 36.00 OK
r-release-macos-x86_64 0.0.1 71.00 OK
r-release-windows-x86_64 0.0.1 4.00 54.00 58.00 OK
r-oldrel-macos-arm64 0.0.1 24.00 OK
r-oldrel-windows-x86_64 0.0.1 5.00 52.00 57.00 OK

Check Details

Version: 0.0.1
Check: Rd files
Result: NOTE checkRd: (-1) qpc.Rd:43: Lost braces 43 | S{Sulewski, P. (2020). \emph{Normal Distribution with Plasticizing Component,} Communications in Statistics ? Theory and Method 51(11), 3806-3835.} | ^ Flavors: r-devel-linux-x86_64-debian-clang, r-devel-linux-x86_64-debian-gcc, r-devel-linux-x86_64-fedora-clang, r-devel-linux-x86_64-fedora-gcc