CRAN Package Check Results for Package PakPMICS2014Wm

Last updated on 2024-02-21 00:54:36 CET.

Flavor Version Tinstall Tcheck Ttotal Status Flags
r-devel-linux-x86_64-debian-clang 0.1.1 NOTE
r-devel-linux-x86_64-debian-gcc 0.1.1 24.28 26.97 51.25 NOTE
r-devel-linux-x86_64-fedora-clang 0.1.1 87.63 NOTE
r-devel-linux-x86_64-fedora-gcc 0.1.1 83.74 NOTE
r-devel-windows-x86_64 0.1.1 25.00 53.00 78.00 OK
r-patched-linux-x86_64 0.1.1 34.26 33.95 68.21 OK
r-release-linux-x86_64 0.1.1 27.50 34.64 62.14 OK
r-release-macos-arm64 0.1.1 39.00 OK
r-release-macos-x86_64 0.1.1 54.00 OK
r-release-windows-x86_64 0.1.1 27.00 54.00 81.00 OK
r-oldrel-macos-arm64 0.1.1 41.00 OK
r-oldrel-windows-x86_64 0.1.1 36.00 60.00 96.00 OK

Check Details

Version: 0.1.1
Check: Rd files
Result: NOTE checkRd: (-1) MICS2014Wm.Rd:336: Lost braces in \enumerate; meant \describe ? checkRd: (-1) MICS2014Wm.Rd:337: Lost braces in \enumerate; meant \describe ? Flavors: r-devel-linux-x86_64-debian-clang, r-devel-linux-x86_64-debian-gcc

Version: 0.1.1
Check: dependencies in R code
Result: NOTE Namespace in Imports field not imported from: ‘stats’ All declared Imports should be used. Flavors: r-devel-linux-x86_64-fedora-clang, r-devel-linux-x86_64-fedora-gcc