CRAN Package Check Results for Package PakPMICS2018mn

Last updated on 2024-02-25 16:51:49 CET.

Flavor Version Tinstall Tcheck Ttotal Status Flags
r-devel-linux-x86_64-debian-clang 0.1.0 6.78 44.23 51.01 NOTE
r-devel-linux-x86_64-debian-gcc 0.1.0 5.03 33.27 38.30 NOTE
r-devel-linux-x86_64-fedora-clang 0.1.0 66.67 NOTE
r-devel-linux-x86_64-fedora-gcc 0.1.0 75.39 NOTE
r-devel-windows-x86_64 0.1.0 8.00 54.00 62.00 OK
r-patched-linux-x86_64 0.1.0 6.84 43.05 49.89 OK
r-release-linux-x86_64 0.1.0 6.84 42.28 49.12 OK
r-release-macos-arm64 0.1.0 32.00 OK
r-release-macos-x86_64 0.1.0 46.00 OK
r-release-windows-x86_64 0.1.0 11.00 61.00 72.00 OK
r-oldrel-macos-arm64 0.1.0 25.00 NOTE
r-oldrel-windows-x86_64 0.1.0 11.00 64.00 75.00 OK

Check Details

Version: 0.1.0
Check: Rd files
Result: NOTE checkRd: (-1) PakPMICS2018mn.Rd:243: Lost braces in \enumerate; meant \describe ? checkRd: (-1) PakPMICS2018mn.Rd:244: Lost braces in \enumerate; meant \describe ? Flavors: r-devel-linux-x86_64-debian-clang, r-devel-linux-x86_64-debian-gcc, r-devel-linux-x86_64-fedora-clang, r-devel-linux-x86_64-fedora-gcc

Version: 0.1.0
Check: data for non-ASCII characters
Result: NOTE Note: found 4 marked UTF-8 strings Flavors: r-devel-linux-x86_64-fedora-clang, r-devel-linux-x86_64-fedora-gcc, r-oldrel-macos-arm64