CRAN Package Check Results for Package PanelMatch

Last updated on 2024-02-23 00:59:36 CET.

Flavor Version Tinstall Tcheck Ttotal Status Flags
r-devel-linux-x86_64-debian-clang 2.0.1 NOTE
r-devel-linux-x86_64-debian-gcc 2.0.1 52.04 444.19 496.23 NOTE
r-devel-linux-x86_64-fedora-clang 2.0.1 854.49 NOTE
r-devel-linux-x86_64-fedora-gcc 2.0.1 810.97 NOTE
r-devel-windows-x86_64 2.0.1 56.00 470.00 526.00 NOTE
r-patched-linux-x86_64 2.0.1 68.73 571.43 640.16 NOTE
r-release-linux-x86_64 2.0.1 63.02 559.81 622.83 NOTE
r-release-macos-arm64 2.0.1 220.00 NOTE
r-release-macos-x86_64 2.0.1 400.00 NOTE
r-release-windows-x86_64 2.0.1 70.00 567.00 637.00 NOTE
r-oldrel-macos-arm64 2.0.1 206.00 NOTE
r-oldrel-windows-x86_64 2.0.1 70.00 552.00 622.00 OK

Check Details

Version: 2.0.1
Check: C++ specification
Result: NOTE Specified C++11: please drop specification unless essential Flavors: r-devel-linux-x86_64-debian-clang, r-devel-linux-x86_64-debian-gcc, r-devel-linux-x86_64-fedora-clang, r-devel-linux-x86_64-fedora-gcc, r-devel-windows-x86_64, r-patched-linux-x86_64, r-release-linux-x86_64, r-release-macos-arm64, r-release-macos-x86_64, r-release-windows-x86_64

Version: 2.0.1
Check: dependencies in R code
Result: NOTE Namespace in Imports field not imported from: ‘grDevices’ All declared Imports should be used. Flavors: r-devel-linux-x86_64-fedora-clang, r-devel-linux-x86_64-fedora-gcc, r-oldrel-macos-arm64