Last updated on 2024-05-21 16:53:25 CEST.
Flavor | Version | Tinstall | Tcheck | Ttotal | Status | Flags |
---|---|---|---|---|---|---|
r-devel-linux-x86_64-debian-clang | 1.0.4 | 437.10 | 141.68 | 578.78 | OK | |
r-devel-linux-x86_64-debian-gcc | 1.0.4 | 300.42 | 109.22 | 409.64 | OK | |
r-devel-linux-x86_64-fedora-clang | 1.0.4 | 778.99 | NOTE | |||
r-devel-linux-x86_64-fedora-gcc | 1.0.4 | 877.29 | OK | |||
r-devel-windows-x86_64 | 1.0.4 | 303.00 | 209.00 | 512.00 | NOTE | |
r-patched-linux-x86_64 | 1.0.3 | 435.62 | 100.03 | 535.65 | ERROR | |
r-release-linux-x86_64 | 1.0.4 | 420.32 | 137.78 | 558.10 | OK | |
r-release-macos-arm64 | 1.0.4 | 188.00 | NOTE | |||
r-release-macos-x86_64 | 1.0.4 | 284.00 | NOTE | |||
r-release-windows-x86_64 | 1.0.4 | 290.00 | 216.00 | 506.00 | NOTE | |
r-oldrel-macos-arm64 | 1.0.4 | 187.00 | NOTE | |||
r-oldrel-macos-x86_64 | 1.0.4 | 240.00 | NOTE | |||
r-oldrel-windows-x86_64 | 1.0.4 | 377.00 | 226.00 | 603.00 | NOTE |
Version: 1.0.4
Check: installed package size
Result: NOTE
installed size is 5.9Mb
sub-directories of 1Mb or more:
doc 3.1Mb
libs 2.5Mb
Flavors: r-devel-linux-x86_64-fedora-clang, r-devel-windows-x86_64, r-release-macos-arm64, r-release-macos-x86_64, r-release-windows-x86_64, r-oldrel-macos-arm64, r-oldrel-macos-x86_64, r-oldrel-windows-x86_64
Version: 1.0.3
Check: re-building of vignette outputs
Result: ERROR
Error(s) in re-building vignettes:
...
--- re-building ‘PartialNetwork_vignette.Rmd’ using rmarkdown
Quitting from lines at lines 39-73 [IV1] (PartialNetwork_vignette.Rmd)
Error: processing vignette 'PartialNetwork_vignette.Rmd' failed with diagnostics:
unused argument (contextual = FALSE)
--- failed re-building ‘PartialNetwork_vignette.Rmd’
SUMMARY: processing the following file failed:
‘PartialNetwork_vignette.Rmd’
Error: Vignette re-building failed.
Execution halted
Flavor: r-patched-linux-x86_64