CRAN Package Check Results for Package Phase123

Last updated on 2024-02-21 00:54:36 CET.

Flavor Version Tinstall Tcheck Ttotal Status Flags
r-devel-linux-x86_64-debian-clang 2.1 NOTE
r-devel-linux-x86_64-debian-gcc 2.1 37.72 61.71 99.43 NOTE
r-devel-linux-x86_64-fedora-clang 2.1 181.40 NOTE
r-devel-linux-x86_64-fedora-gcc 2.1 169.37 NOTE
r-devel-windows-x86_64 2.1 38.00 108.00 146.00 NOTE
r-patched-linux-x86_64 2.1 46.71 78.69 125.40 NOTE
r-release-linux-x86_64 2.1 45.52 78.90 124.42 NOTE
r-release-macos-arm64 2.1 53.00 NOTE
r-release-macos-x86_64 2.1 86.00 NOTE
r-release-windows-x86_64 2.1 48.00 123.00 171.00 NOTE
r-oldrel-macos-arm64 2.1 45.00 NOTE
r-oldrel-windows-x86_64 2.1 48.00 115.00 163.00 NOTE

Check Details

Version: 2.1
Check: LazyData
Result: NOTE 'LazyData' is specified without a 'data' directory Flavors: r-devel-linux-x86_64-debian-clang, r-devel-linux-x86_64-debian-gcc, r-devel-linux-x86_64-fedora-clang, r-devel-linux-x86_64-fedora-gcc, r-devel-windows-x86_64, r-patched-linux-x86_64, r-release-linux-x86_64, r-release-macos-arm64, r-release-macos-x86_64, r-release-windows-x86_64, r-oldrel-macos-arm64, r-oldrel-windows-x86_64